{"id":17306,"date":"2021-07-14T15:02:00","date_gmt":"2021-07-14T15:02:00","guid":{"rendered":"https:\/\/www.visitsoglianoalrubicone.it\/decio-raggi\/"},"modified":"2024-12-06T10:10:41","modified_gmt":"2024-12-06T10:10:41","slug":"decio-raggi","status":"publish","type":"page","link":"https:\/\/www.visitsoglianoalrubicone.it\/de\/sogliano-entdecken\/kunst-kultur-und-kunsthandwerk\/geschichte-und-illustre-persoenlichkeiten\/illustre-persoenlichkeiten\/decio-raggi\/","title":{"rendered":"Decio Raggi"},"content":{"rendered":"<p>[vc_row full_width=&#8220;stretch_row_content_no_spaces&#8220;][vc_column][vc_single_image image=&#8220;17314&#8243; img_size=&#8220;1920 x 450&#8243; alignment=&#8220;center&#8220; el_class=&#8220;infotronik_banner_pagina&#8220;]\n\t\t\t<section class=\"do-normal-page-title-section\">\n\t\t\t\t<div class=\"container\">\n\t\t\t\t\t<div class=\"row uppercase\">\n\t\t\t\n\t\t\t\t\t\t<div class=\"do-page-title-wrapper\">\n\t\t\t\t\t\t\t<div class=\"do-default-page-title col-md-7 col-sm-7 col-xs-12\">\n\t\t\t\t\t\t\t\t<h2 info=11 class=\"infotronik_page_title_big\">Decio Raggi<\/h2>\n\t\t\t\t\t\t\t\t<p><\/p>\n\t\t\t\t\t\t\t<\/div>\n\t\t\t\n\t\t\t\t\t\t\t<div class=\"do-breadcumb\"><ul><li><a class=\"infotronik_breadcrumb_cut\" href=\"https:\/\/www.visitsoglianoalrubicone.it\/de\/sogliano-entdecken\/kunst-kultur-und-kunsthandwerk\/geschichte-und-illustre-persoenlichkeiten\/\">Geschichte und illustre Pers\u00f6nlichkeiten<\/a><\/li><li><a class=\"infotronik_breadcrumb_cut\" href=\"https:\/\/www.visitsoglianoalrubicone.it\/de\/sogliano-entdecken\/kunst-kultur-und-kunsthandwerk\/geschichte-und-illustre-persoenlichkeiten\/illustre-persoenlichkeiten\/\">Illustre Pers\u00f6nlichkeiten<\/a><\/li><\/ul><\/div>\n\t\t\t\t\t\t<\/div>\n\t\t\t\n\t\t\t\t\t<\/div>\n\t\t\t\t<\/div>\n\t\t\t<\/section>\n\t\t[vc_empty_space height=&#8220;20px&#8220;][vc_row_inner][vc_column_inner][vc_column_text]Geboren in <strong>Savignano di Rigo<\/strong>, einem Ortsteil von Sogliano al Rubicone, war er Soldat und geh\u00f6rte bei Ausbruch des Ersten Weltkriegs zu den eifrigsten Interventionisten.<br \/>\nEr war der erste, der im Ersten Weltkrieg mit einer Goldmedaille f\u00fcr milit\u00e4rische Tapferkeit ausgezeichnet wurde. Sein Grab kann auf dem Friedhof von Savignano di Rigo besucht werden, w\u00e4hrend das<strong>Museum der Christa-Linie<\/strong> in Sogliano verschiedene Exponate beherbergt, die die Geschichte von Decio Raggi erz\u00e4hlen.[\/vc_column_text][vc_empty_space height=&#8220;50px&#8220;][vc_text_separator title=&#8220;Nicht zu verpassen:&#8220; title_align=&#8220;separator_align_left&#8220; align=&#8220;align_left&#8220; color=&#8220;custom&#8220; el_width=&#8220;50&#8243; accent_color=&#8220;#fc7f0c&#8220;][vc_empty_space height=&#8220;50px&#8220;][vc_column_text]<div class=\"pt-cv-wrapper\"><div class=\"pt-cv-view pt-cv-grid pt-cv-colsys\" id=\"pt-cv-view-8f9c745u41\"><div data-id=\"pt-cv-page-1\" class=\"pt-cv-page\" data-cvc=\"3\"><div class=\"col-md-4 col-sm-6 col-xs-12 pt-cv-content-item pt-cv-1-col\" ><div class='pt-cv-ifield'><a href=\"https:\/\/www.visitsoglianoalrubicone.it\/de\/sogliano-entdecken\/historisches-zentrum-und-diffuse-doerfer\/savignano-di-rigo\/\" class=\"_self pt-cv-href-thumbnail pt-cv-thumb-default\" target=\"_self\" ><img width=\"1024\" height=\"768\" src=\"https:\/\/www.visitsoglianoalrubicone.it\/wp-content\/uploads\/2021\/07\/Visit-Sogliano-Scopri-Sogliano-Centro-Storico-e-Borghi-Diffusi-Savignano-di-Rigo-Banner-Resized.jpg\" class=\"pt-cv-thumbnail\" alt=\"\" loading=\"lazy\" srcset=\"https:\/\/www.visitsoglianoalrubicone.it\/wp-content\/uploads\/2021\/07\/Visit-Sogliano-Scopri-Sogliano-Centro-Storico-e-Borghi-Diffusi-Savignano-di-Rigo-Banner-Resized.jpg 1024w, https:\/\/www.visitsoglianoalrubicone.it\/wp-content\/uploads\/2021\/07\/Visit-Sogliano-Scopri-Sogliano-Centro-Storico-e-Borghi-Diffusi-Savignano-di-Rigo-Banner-Resized-300x225.jpg 300w, https:\/\/www.visitsoglianoalrubicone.it\/wp-content\/uploads\/2021\/07\/Visit-Sogliano-Scopri-Sogliano-Centro-Storico-e-Borghi-Diffusi-Savignano-di-Rigo-Banner-Resized-768x576.jpg 768w\" sizes=\"(max-width: 1024px) 100vw, 1024px\" \/><\/a>\n<h6 class=\"pt-cv-title\"><a href=\"https:\/\/www.visitsoglianoalrubicone.it\/de\/sogliano-entdecken\/historisches-zentrum-und-diffuse-doerfer\/savignano-di-rigo\/\" class=\"_self\" target=\"_self\" >Savignano di Rigo<\/a><\/h6><\/div><\/div>\n<div class=\"col-md-4 col-sm-6 col-xs-12 pt-cv-content-item pt-cv-1-col\" ><div class='pt-cv-ifield'><a href=\"https:\/\/www.visitsoglianoalrubicone.it\/de\/sogliano-entdecken\/kunst-kultur-und-kunsthandwerk\/architektur-und-denkmaeler\/decio-raggi-grabmal-savignano-di-rigo\/\" class=\"_self pt-cv-href-thumbnail pt-cv-thumb-default\" target=\"_self\" ><img width=\"1024\" height=\"768\" src=\"https:\/\/www.visitsoglianoalrubicone.it\/wp-content\/uploads\/2021\/08\/Visit-Sogliano-al-Rubicone-Scopri-Sogliano-Arte-Cultura-Artigianato-Architettura-e-Monumenti-tomba-decio-raggi_box.jpg\" class=\"pt-cv-thumbnail\" alt=\"\" loading=\"lazy\" srcset=\"https:\/\/www.visitsoglianoalrubicone.it\/wp-content\/uploads\/2021\/08\/Visit-Sogliano-al-Rubicone-Scopri-Sogliano-Arte-Cultura-Artigianato-Architettura-e-Monumenti-tomba-decio-raggi_box.jpg 1024w, https:\/\/www.visitsoglianoalrubicone.it\/wp-content\/uploads\/2021\/08\/Visit-Sogliano-al-Rubicone-Scopri-Sogliano-Arte-Cultura-Artigianato-Architettura-e-Monumenti-tomba-decio-raggi_box-300x225.jpg 300w, https:\/\/www.visitsoglianoalrubicone.it\/wp-content\/uploads\/2021\/08\/Visit-Sogliano-al-Rubicone-Scopri-Sogliano-Arte-Cultura-Artigianato-Architettura-e-Monumenti-tomba-decio-raggi_box-768x576.jpg 768w\" sizes=\"(max-width: 1024px) 100vw, 1024px\" \/><\/a>\n<h6 class=\"pt-cv-title\"><a href=\"https:\/\/www.visitsoglianoalrubicone.it\/de\/sogliano-entdecken\/kunst-kultur-und-kunsthandwerk\/architektur-und-denkmaeler\/decio-raggi-grabmal-savignano-di-rigo\/\" class=\"_self\" target=\"_self\" >Decio Raggi Grabmal &#8211; Savignano di Rigo<\/a><\/h6><\/div><\/div>\n<div class=\"col-md-4 col-sm-6 col-xs-12 pt-cv-content-item pt-cv-1-col\" ><div class='pt-cv-ifield'><a href=\"https:\/\/www.visitsoglianoalrubicone.it\/de\/sogliano-entdecken\/routen-trekking-radfahren\/die-pfade-des-oberen-rubikons\/der-hundertjaehrige-haselpfad\/\" class=\"_self pt-cv-href-thumbnail pt-cv-thumb-default\" target=\"_self\" ><img width=\"1024\" height=\"768\" src=\"https:\/\/www.visitsoglianoalrubicone.it\/wp-content\/uploads\/2021\/07\/Visit-Sogliano-Scopri-Sogliano-Itinerari-Trekking-Bike-I-Sentieri-Alto-Rubicone-Nocciolo-Centenario-Banner-Resized.jpg\" class=\"pt-cv-thumbnail\" alt=\"\" loading=\"lazy\" srcset=\"https:\/\/www.visitsoglianoalrubicone.it\/wp-content\/uploads\/2021\/07\/Visit-Sogliano-Scopri-Sogliano-Itinerari-Trekking-Bike-I-Sentieri-Alto-Rubicone-Nocciolo-Centenario-Banner-Resized.jpg 1024w, https:\/\/www.visitsoglianoalrubicone.it\/wp-content\/uploads\/2021\/07\/Visit-Sogliano-Scopri-Sogliano-Itinerari-Trekking-Bike-I-Sentieri-Alto-Rubicone-Nocciolo-Centenario-Banner-Resized-300x225.jpg 300w, https:\/\/www.visitsoglianoalrubicone.it\/wp-content\/uploads\/2021\/07\/Visit-Sogliano-Scopri-Sogliano-Itinerari-Trekking-Bike-I-Sentieri-Alto-Rubicone-Nocciolo-Centenario-Banner-Resized-768x576.jpg 768w\" sizes=\"(max-width: 1024px) 100vw, 1024px\" \/><\/a>\n<h6 class=\"pt-cv-title\"><a href=\"https:\/\/www.visitsoglianoalrubicone.it\/de\/sogliano-entdecken\/routen-trekking-radfahren\/die-pfade-des-oberen-rubikons\/der-hundertjaehrige-haselpfad\/\" class=\"_self\" target=\"_self\" >Der Hundertj\u00e4hrige Haselpfad<\/a><\/h6><\/div><\/div>\n<div class=\"col-md-4 col-sm-6 col-xs-12 pt-cv-content-item pt-cv-1-col\" ><div class='pt-cv-ifield'><a href=\"https:\/\/www.visitsoglianoalrubicone.it\/de\/sogliano-entdecken\/kunst-kultur-und-kunsthandwerk\/kirchen-abteien-pfarreien-und-kloester\/kirche-von-st-matthaeus-savignano-di-rigo\/\" class=\"_self pt-cv-href-thumbnail pt-cv-thumb-default\" target=\"_self\" ><img width=\"1024\" height=\"768\" src=\"https:\/\/www.visitsoglianoalrubicone.it\/wp-content\/uploads\/2021\/07\/Visit-Sogliano-Scopri-Sogliano-Arte-Cultura-Artigianato-Chiese-Pievi-Abbazie-Monasteri-San-Matteo-Banner-Resized.jpg\" class=\"pt-cv-thumbnail\" alt=\"\" loading=\"lazy\" srcset=\"https:\/\/www.visitsoglianoalrubicone.it\/wp-content\/uploads\/2021\/07\/Visit-Sogliano-Scopri-Sogliano-Arte-Cultura-Artigianato-Chiese-Pievi-Abbazie-Monasteri-San-Matteo-Banner-Resized.jpg 1024w, https:\/\/www.visitsoglianoalrubicone.it\/wp-content\/uploads\/2021\/07\/Visit-Sogliano-Scopri-Sogliano-Arte-Cultura-Artigianato-Chiese-Pievi-Abbazie-Monasteri-San-Matteo-Banner-Resized-300x225.jpg 300w, https:\/\/www.visitsoglianoalrubicone.it\/wp-content\/uploads\/2021\/07\/Visit-Sogliano-Scopri-Sogliano-Arte-Cultura-Artigianato-Chiese-Pievi-Abbazie-Monasteri-San-Matteo-Banner-Resized-768x576.jpg 768w\" sizes=\"(max-width: 1024px) 100vw, 1024px\" \/><\/a>\n<h6 class=\"pt-cv-title\"><a href=\"https:\/\/www.visitsoglianoalrubicone.it\/de\/sogliano-entdecken\/kunst-kultur-und-kunsthandwerk\/kirchen-abteien-pfarreien-und-kloester\/kirche-von-st-matthaeus-savignano-di-rigo\/\" class=\"_self\" target=\"_self\" >Kirche von St. Matth\u00e4us &#8211; Savignano di Rigo<\/a><\/h6><\/div><\/div>\n<div class=\"col-md-4 col-sm-6 col-xs-12 pt-cv-content-item pt-cv-1-col\" ><div class='pt-cv-ifield'><a href=\"https:\/\/www.visitsoglianoalrubicone.it\/de\/sogliano-entdecken\/kunst-kultur-und-kunsthandwerk\/museen-dauerausstellungen-und-archive\/christa-line-museum\/\" class=\"_self pt-cv-href-thumbnail pt-cv-thumb-default\" target=\"_self\" ><img width=\"1024\" height=\"768\" src=\"https:\/\/www.visitsoglianoalrubicone.it\/wp-content\/uploads\/2021\/07\/Visit-Sogliano-Scopri-Sogliano-Arte-Cultura-Artigianato-Musei-Mostre-Archivi-Linea-Christa-Banner-Resized.jpg\" class=\"pt-cv-thumbnail\" alt=\"\" loading=\"lazy\" srcset=\"https:\/\/www.visitsoglianoalrubicone.it\/wp-content\/uploads\/2021\/07\/Visit-Sogliano-Scopri-Sogliano-Arte-Cultura-Artigianato-Musei-Mostre-Archivi-Linea-Christa-Banner-Resized.jpg 1024w, https:\/\/www.visitsoglianoalrubicone.it\/wp-content\/uploads\/2021\/07\/Visit-Sogliano-Scopri-Sogliano-Arte-Cultura-Artigianato-Musei-Mostre-Archivi-Linea-Christa-Banner-Resized-300x225.jpg 300w, https:\/\/www.visitsoglianoalrubicone.it\/wp-content\/uploads\/2021\/07\/Visit-Sogliano-Scopri-Sogliano-Arte-Cultura-Artigianato-Musei-Mostre-Archivi-Linea-Christa-Banner-Resized-768x576.jpg 768w\" sizes=\"(max-width: 1024px) 100vw, 1024px\" \/><\/a>\n<h6 class=\"pt-cv-title\"><a href=\"https:\/\/www.visitsoglianoalrubicone.it\/de\/sogliano-entdecken\/kunst-kultur-und-kunsthandwerk\/museen-dauerausstellungen-und-archive\/christa-line-museum\/\" class=\"_self\" target=\"_self\" >Christa Line Museum<\/a><\/h6><\/div><\/div><\/div><\/div><\/div>[\/vc_column_text][vc_empty_space height=&#8220;50px&#8220;][\/vc_column_inner][\/vc_row_inner][\/vc_column][\/vc_row]<\/p>\n","protected":false},"excerpt":{"rendered":"<p>[vc_row full_width=&#8220;stretch_row_content_no_spaces&#8220;][vc_column][vc_single_image image=&#8220;17314&#8243; img_size=&#8220;1920 x 450&#8243; alignment=&#8220;center&#8220; el_class=&#8220;infotronik_banner_pagina&#8220;][vc_empty_space height=&#8220;20px&#8220;][vc_row_inner][vc_column_inner][vc_column_text]Geboren in Savignano di Rigo, einem Ortsteil von Sogliano al Rubicone, war er&#8230;<\/p>\n","protected":false},"author":3,"featured_media":17308,"parent":20089,"menu_order":0,"comment_status":"closed","ping_status":"closed","template":"","meta":{"loftloader_page_shortcode":""},"_links":{"self":[{"href":"https:\/\/www.visitsoglianoalrubicone.it\/de\/wp-json\/wp\/v2\/pages\/17306"}],"collection":[{"href":"https:\/\/www.visitsoglianoalrubicone.it\/de\/wp-json\/wp\/v2\/pages"}],"about":[{"href":"https:\/\/www.visitsoglianoalrubicone.it\/de\/wp-json\/wp\/v2\/types\/page"}],"author":[{"embeddable":true,"href":"https:\/\/www.visitsoglianoalrubicone.it\/de\/wp-json\/wp\/v2\/users\/3"}],"replies":[{"embeddable":true,"href":"https:\/\/www.visitsoglianoalrubicone.it\/de\/wp-json\/wp\/v2\/comments?post=17306"}],"version-history":[{"count":11,"href":"https:\/\/www.visitsoglianoalrubicone.it\/de\/wp-json\/wp\/v2\/pages\/17306\/revisions"}],"predecessor-version":[{"id":17383,"href":"https:\/\/www.visitsoglianoalrubicone.it\/de\/wp-json\/wp\/v2\/pages\/17306\/revisions\/17383"}],"up":[{"embeddable":true,"href":"https:\/\/www.visitsoglianoalrubicone.it\/de\/wp-json\/wp\/v2\/pages\/20089"}],"wp:featuredmedia":[{"embeddable":true,"href":"https:\/\/www.visitsoglianoalrubicone.it\/de\/wp-json\/wp\/v2\/media\/17308"}],"wp:attachment":[{"href":"https:\/\/www.visitsoglianoalrubicone.it\/de\/wp-json\/wp\/v2\/media?parent=17306"}],"curies":[{"name":"wp","href":"https:\/\/api.w.org\/{rel}","templated":true}]}}

<p>[vc_row full_width=&#8220;stretch_row_content_no_spaces&#8220;][vc_column][vc_single_image image=&#8220;17314&#8243; img_size=&#8220;1920 x 450&#8243; alignment=&#8220;center&#8220; el_class=&#8220;infotronik_banner_pagina&#8220;]
			<section class="do-normal-page-title-section">
				<div class="container">
					<div class="row uppercase">
			
						<div class="do-page-title-wrapper">
							<div class="do-default-page-title col-md-7 col-sm-7 col-xs-12">
								<h2 info=11 class="infotronik_page_title_big">Decio Raggi</h2>
								<p></p>
							</div>
			
							<div class="do-breadcumb"><ul><li><a class="infotronik_breadcrumb_cut" href="https://www.visitsoglianoalrubicone.it/de/sogliano-entdecken/kunst-kultur-und-kunsthandwerk/geschichte-und-illustre-persoenlichkeiten/">Geschichte und illustre Persönlichkeiten</a></li><li><a class="infotronik_breadcrumb_cut" href="https://www.visitsoglianoalrubicone.it/de/sogliano-entdecken/kunst-kultur-und-kunsthandwerk/geschichte-und-illustre-persoenlichkeiten/illustre-persoenlichkeiten/">Illustre Persönlichkeiten</a></li></ul></div>
						</div>
			
					</div>
				</div>
			</section>
		[vc_empty_space height=&#8220;20px&#8220;][vc_row_inner][vc_column_inner][vc_column_text]Geboren in <strong>Savignano di Rigo</strong>, einem Ortsteil von Sogliano al Rubicone, war er Soldat und gehörte bei Ausbruch des Ersten Weltkriegs zu den eifrigsten Interventionisten.<br />
Er war der erste, der im Ersten Weltkrieg mit einer Goldmedaille für militärische Tapferkeit ausgezeichnet wurde. Sein Grab kann auf dem Friedhof von Savignano di Rigo besucht werden, während das<strong>Museum der Christa-Linie</strong> in Sogliano verschiedene Exponate beherbergt, die die Geschichte von Decio Raggi erzählen.[/vc_column_text][vc_empty_space height=&#8220;50px&#8220;][vc_text_separator title=&#8220;Nicht zu verpassen:&#8220; title_align=&#8220;separator_align_left&#8220; align=&#8220;align_left&#8220; color=&#8220;custom&#8220; el_width=&#8220;50&#8243; accent_color=&#8220;#fc7f0c&#8220;][vc_empty_space height=&#8220;50px&#8220;][vc_column_text]<div class="pt-cv-wrapper"><div class="pt-cv-view pt-cv-grid pt-cv-colsys" id="pt-cv-view-8f9c745u41"><div data-id="pt-cv-page-1" class="pt-cv-page" data-cvc="3"><div class="col-md-4 col-sm-6 col-xs-12 pt-cv-content-item pt-cv-1-col" ><div class='pt-cv-ifield'><a href="https://www.visitsoglianoalrubicone.it/de/sogliano-entdecken/historisches-zentrum-und-diffuse-doerfer/savignano-di-rigo/" class="_self pt-cv-href-thumbnail pt-cv-thumb-default" target="_self" ><img width="1024" height="768" src="https://www.visitsoglianoalrubicone.it/wp-content/uploads/2021/07/Visit-Sogliano-Scopri-Sogliano-Centro-Storico-e-Borghi-Diffusi-Savignano-di-Rigo-Banner-Resized.jpg" class="pt-cv-thumbnail" alt="" loading="lazy" srcset="https://www.visitsoglianoalrubicone.it/wp-content/uploads/2021/07/Visit-Sogliano-Scopri-Sogliano-Centro-Storico-e-Borghi-Diffusi-Savignano-di-Rigo-Banner-Resized.jpg 1024w, https://www.visitsoglianoalrubicone.it/wp-content/uploads/2021/07/Visit-Sogliano-Scopri-Sogliano-Centro-Storico-e-Borghi-Diffusi-Savignano-di-Rigo-Banner-Resized-300x225.jpg 300w, https://www.visitsoglianoalrubicone.it/wp-content/uploads/2021/07/Visit-Sogliano-Scopri-Sogliano-Centro-Storico-e-Borghi-Diffusi-Savignano-di-Rigo-Banner-Resized-768x576.jpg 768w" sizes="(max-width: 1024px) 100vw, 1024px" /></a>
<h6 class="pt-cv-title"><a href="https://www.visitsoglianoalrubicone.it/de/sogliano-entdecken/historisches-zentrum-und-diffuse-doerfer/savignano-di-rigo/" class="_self" target="_self" >Savignano di Rigo</a></h6></div></div>
<div class="col-md-4 col-sm-6 col-xs-12 pt-cv-content-item pt-cv-1-col" ><div class='pt-cv-ifield'><a href="https://www.visitsoglianoalrubicone.it/de/sogliano-entdecken/kunst-kultur-und-kunsthandwerk/architektur-und-denkmaeler/decio-raggi-grabmal-savignano-di-rigo/" class="_self pt-cv-href-thumbnail pt-cv-thumb-default" target="_self" ><img width="1024" height="768" src="https://www.visitsoglianoalrubicone.it/wp-content/uploads/2021/08/Visit-Sogliano-al-Rubicone-Scopri-Sogliano-Arte-Cultura-Artigianato-Architettura-e-Monumenti-tomba-decio-raggi_box.jpg" class="pt-cv-thumbnail" alt="" loading="lazy" srcset="https://www.visitsoglianoalrubicone.it/wp-content/uploads/2021/08/Visit-Sogliano-al-Rubicone-Scopri-Sogliano-Arte-Cultura-Artigianato-Architettura-e-Monumenti-tomba-decio-raggi_box.jpg 1024w, https://www.visitsoglianoalrubicone.it/wp-content/uploads/2021/08/Visit-Sogliano-al-Rubicone-Scopri-Sogliano-Arte-Cultura-Artigianato-Architettura-e-Monumenti-tomba-decio-raggi_box-300x225.jpg 300w, https://www.visitsoglianoalrubicone.it/wp-content/uploads/2021/08/Visit-Sogliano-al-Rubicone-Scopri-Sogliano-Arte-Cultura-Artigianato-Architettura-e-Monumenti-tomba-decio-raggi_box-768x576.jpg 768w" sizes="(max-width: 1024px) 100vw, 1024px" /></a>
<h6 class="pt-cv-title"><a href="https://www.visitsoglianoalrubicone.it/de/sogliano-entdecken/kunst-kultur-und-kunsthandwerk/architektur-und-denkmaeler/decio-raggi-grabmal-savignano-di-rigo/" class="_self" target="_self" >Decio Raggi Grabmal &#8211; Savignano di Rigo</a></h6></div></div>
<div class="col-md-4 col-sm-6 col-xs-12 pt-cv-content-item pt-cv-1-col" ><div class='pt-cv-ifield'><a href="https://www.visitsoglianoalrubicone.it/de/sogliano-entdecken/routen-trekking-radfahren/die-pfade-des-oberen-rubikons/der-hundertjaehrige-haselpfad/" class="_self pt-cv-href-thumbnail pt-cv-thumb-default" target="_self" ><img width="1024" height="768" src="https://www.visitsoglianoalrubicone.it/wp-content/uploads/2021/07/Visit-Sogliano-Scopri-Sogliano-Itinerari-Trekking-Bike-I-Sentieri-Alto-Rubicone-Nocciolo-Centenario-Banner-Resized.jpg" class="pt-cv-thumbnail" alt="" loading="lazy" srcset="https://www.visitsoglianoalrubicone.it/wp-content/uploads/2021/07/Visit-Sogliano-Scopri-Sogliano-Itinerari-Trekking-Bike-I-Sentieri-Alto-Rubicone-Nocciolo-Centenario-Banner-Resized.jpg 1024w, https://www.visitsoglianoalrubicone.it/wp-content/uploads/2021/07/Visit-Sogliano-Scopri-Sogliano-Itinerari-Trekking-Bike-I-Sentieri-Alto-Rubicone-Nocciolo-Centenario-Banner-Resized-300x225.jpg 300w, https://www.visitsoglianoalrubicone.it/wp-content/uploads/2021/07/Visit-Sogliano-Scopri-Sogliano-Itinerari-Trekking-Bike-I-Sentieri-Alto-Rubicone-Nocciolo-Centenario-Banner-Resized-768x576.jpg 768w" sizes="(max-width: 1024px) 100vw, 1024px" /></a>
<h6 class="pt-cv-title"><a href="https://www.visitsoglianoalrubicone.it/de/sogliano-entdecken/routen-trekking-radfahren/die-pfade-des-oberen-rubikons/der-hundertjaehrige-haselpfad/" class="_self" target="_self" >Der Hundertjährige Haselpfad</a></h6></div></div>
<div class="col-md-4 col-sm-6 col-xs-12 pt-cv-content-item pt-cv-1-col" ><div class='pt-cv-ifield'><a href="https://www.visitsoglianoalrubicone.it/de/sogliano-entdecken/kunst-kultur-und-kunsthandwerk/kirchen-abteien-pfarreien-und-kloester/kirche-von-st-matthaeus-savignano-di-rigo/" class="_self pt-cv-href-thumbnail pt-cv-thumb-default" target="_self" ><img width="1024" height="768" src="https://www.visitsoglianoalrubicone.it/wp-content/uploads/2021/07/Visit-Sogliano-Scopri-Sogliano-Arte-Cultura-Artigianato-Chiese-Pievi-Abbazie-Monasteri-San-Matteo-Banner-Resized.jpg" class="pt-cv-thumbnail" alt="" loading="lazy" srcset="https://www.visitsoglianoalrubicone.it/wp-content/uploads/2021/07/Visit-Sogliano-Scopri-Sogliano-Arte-Cultura-Artigianato-Chiese-Pievi-Abbazie-Monasteri-San-Matteo-Banner-Resized.jpg 1024w, https://www.visitsoglianoalrubicone.it/wp-content/uploads/2021/07/Visit-Sogliano-Scopri-Sogliano-Arte-Cultura-Artigianato-Chiese-Pievi-Abbazie-Monasteri-San-Matteo-Banner-Resized-300x225.jpg 300w, https://www.visitsoglianoalrubicone.it/wp-content/uploads/2021/07/Visit-Sogliano-Scopri-Sogliano-Arte-Cultura-Artigianato-Chiese-Pievi-Abbazie-Monasteri-San-Matteo-Banner-Resized-768x576.jpg 768w" sizes="(max-width: 1024px) 100vw, 1024px" /></a>
<h6 class="pt-cv-title"><a href="https://www.visitsoglianoalrubicone.it/de/sogliano-entdecken/kunst-kultur-und-kunsthandwerk/kirchen-abteien-pfarreien-und-kloester/kirche-von-st-matthaeus-savignano-di-rigo/" class="_self" target="_self" >Kirche von St. Matthäus &#8211; Savignano di Rigo</a></h6></div></div>
<div class="col-md-4 col-sm-6 col-xs-12 pt-cv-content-item pt-cv-1-col" ><div class='pt-cv-ifield'><a href="https://www.visitsoglianoalrubicone.it/de/sogliano-entdecken/kunst-kultur-und-kunsthandwerk/museen-dauerausstellungen-und-archive/christa-line-museum/" class="_self pt-cv-href-thumbnail pt-cv-thumb-default" target="_self" ><img width="1024" height="768" src="https://www.visitsoglianoalrubicone.it/wp-content/uploads/2021/07/Visit-Sogliano-Scopri-Sogliano-Arte-Cultura-Artigianato-Musei-Mostre-Archivi-Linea-Christa-Banner-Resized.jpg" class="pt-cv-thumbnail" alt="" loading="lazy" srcset="https://www.visitsoglianoalrubicone.it/wp-content/uploads/2021/07/Visit-Sogliano-Scopri-Sogliano-Arte-Cultura-Artigianato-Musei-Mostre-Archivi-Linea-Christa-Banner-Resized.jpg 1024w, https://www.visitsoglianoalrubicone.it/wp-content/uploads/2021/07/Visit-Sogliano-Scopri-Sogliano-Arte-Cultura-Artigianato-Musei-Mostre-Archivi-Linea-Christa-Banner-Resized-300x225.jpg 300w, https://www.visitsoglianoalrubicone.it/wp-content/uploads/2021/07/Visit-Sogliano-Scopri-Sogliano-Arte-Cultura-Artigianato-Musei-Mostre-Archivi-Linea-Christa-Banner-Resized-768x576.jpg 768w" sizes="(max-width: 1024px) 100vw, 1024px" /></a>
<h6 class="pt-cv-title"><a href="https://www.visitsoglianoalrubicone.it/de/sogliano-entdecken/kunst-kultur-und-kunsthandwerk/museen-dauerausstellungen-und-archive/christa-line-museum/" class="_self" target="_self" >Christa Line Museum</a></h6></div></div></div></div></div>[/vc_column_text][vc_empty_space height=&#8220;50px&#8220;][/vc_column_inner][/vc_row_inner][/vc_column][/vc_row]</p>
