{"id":19405,"date":"2021-07-04T14:39:21","date_gmt":"2021-07-04T14:39:21","guid":{"rendered":"https:\/\/www.visitsoglianoalrubicone.it\/giovanni-pascoli\/"},"modified":"2024-12-06T10:10:41","modified_gmt":"2024-12-06T10:10:41","slug":"giovanni-pascoli","status":"publish","type":"page","link":"https:\/\/www.visitsoglianoalrubicone.it\/de\/sogliano-entdecken\/kunst-kultur-und-kunsthandwerk\/geschichte-und-illustre-persoenlichkeiten\/illustre-persoenlichkeiten\/giovanni-pascoli\/","title":{"rendered":"Giovanni Pascoli"},"content":{"rendered":"<p>[vc_row full_width=&#8220;stretch_row_content_no_spaces&#8220;][vc_column][vc_single_image image=&#8220;19406&#8243; img_size=&#8220;1920 x 450&#8243; alignment=&#8220;center&#8220; el_class=&#8220;infotronik_banner_pagina&#8220;]\n\t\t\t<section class=\"do-normal-page-title-section\">\n\t\t\t\t<div class=\"container\">\n\t\t\t\t\t<div class=\"row uppercase\">\n\t\t\t\n\t\t\t\t\t\t<div class=\"do-page-title-wrapper\">\n\t\t\t\t\t\t\t<div class=\"do-default-page-title col-md-7 col-sm-7 col-xs-12\">\n\t\t\t\t\t\t\t\t<h2 info=16 class=\"infotronik_page_title_big\">Giovanni Pascoli<\/h2>\n\t\t\t\t\t\t\t\t<p><\/p>\n\t\t\t\t\t\t\t<\/div>\n\t\t\t\n\t\t\t\t\t\t\t<div class=\"do-breadcumb\"><ul><li><a class=\"infotronik_breadcrumb_cut\" href=\"https:\/\/www.visitsoglianoalrubicone.it\/de\/sogliano-entdecken\/kunst-kultur-und-kunsthandwerk\/geschichte-und-illustre-persoenlichkeiten\/\">Geschichte und illustre Pers\u00f6nlichkeiten<\/a><\/li><li><a class=\"infotronik_breadcrumb_cut\" href=\"https:\/\/www.visitsoglianoalrubicone.it\/de\/sogliano-entdecken\/kunst-kultur-und-kunsthandwerk\/geschichte-und-illustre-persoenlichkeiten\/illustre-persoenlichkeiten\/\">Illustre Pers\u00f6nlichkeiten<\/a><\/li><\/ul><\/div>\n\t\t\t\t\t\t<\/div>\n\t\t\t\n\t\t\t\t\t<\/div>\n\t\t\t\t<\/div>\n\t\t\t<\/section>\n\t\t[vc_empty_space height=&#8220;20px&#8220;][vc_row_inner][vc_column_inner][vc_column_text]Der am 31. Dezember 1855 in San Mauro di Romagna geborene und am 6. April 1912 in Bologna gestorbene Pascoli war ein italienischer Dichter, Akademiker und Literaturkritiker, eine emblematische Figur der italienischen Literatur des sp\u00e4ten 19. Jahrhunderts, die zusammen mit Gabriele D&#8217;Annunzio als der gr\u00f6\u00dfte italienische Dichter der Dekadenz gilt, trotz seines \u00fcberwiegend positivistischen Hintergrunds. Aus Sogliano stammten die Gro\u00dfmutter m\u00fctterlicherseits des Dichters, Olimpia Alloccatelli, seine Tante m\u00fctterlicherseits, Rita Vincenzi, die Placido David aus Sogliano heiratete, und seine andere Tante Luigia, genannt Gigia, die den Stadtsekret\u00e4r Alessandro Morri heiratete; seine Schwestern Ida und Maria wurden von 1874 bis 1882 im Augustinerkloster erzogen. Sogliano al Rubicone stellt f\u00fcr Pascoli eine gl\u00fcckliche jugendliche Parenthese dar und mehrere Gedichte sind poetische Ankl\u00e4nge an unsere Gegend, wie &#8222;Il Pellegrino&#8220;, &#8222;A Ida e Maria&#8220;, &#8222;Placido&#8220; &#8222;L&#8217;asino&#8220;, &#8222;Digitale Purpurea&#8220;, &#8222;Suor Virginia&#8220;, &#8222;Le monache di Sogliano&#8220; und &#8222;L&#8217;addio&#8220;. &#8222;Piccolo grandemente amato paese di Romagna&#8220; sind die poetischen Worte, die Sogliano al Rubicone gewidmet sind und die wir am Eingang des Dorfes finden. Pascoli wurde 1906 die Ehrenb\u00fcrgerschaft verliehen.[\/vc_column_text][vc_empty_space height=&#8220;50px&#8220;][vc_text_separator title=&#8220;Nicht zu verpassen:&#8220; title_align=&#8220;separator_align_left&#8220; align=&#8220;align_left&#8220; color=&#8220;custom&#8220; el_width=&#8220;50&#8243; accent_color=&#8220;#fc7f0c&#8220;][vc_empty_space height=&#8220;50px&#8220;][vc_column_text]<div class=\"pt-cv-wrapper\"><div class=\"pt-cv-view pt-cv-grid pt-cv-colsys\" id=\"pt-cv-view-57b03fbdxt\"><div data-id=\"pt-cv-page-1\" class=\"pt-cv-page\" data-cvc=\"3\"><div class=\"col-md-4 col-sm-12 col-xs-12 pt-cv-content-item pt-cv-1-col\" ><div class='pt-cv-ifield'><a href=\"https:\/\/www.visitsoglianoalrubicone.it\/de\/sogliano-entdecken\/kunst-kultur-und-kunsthandwerk\/architektur-und-denkmaeler\/david-palace-sogliano\/\" class=\"_self pt-cv-href-thumbnail pt-cv-thumb-default\" target=\"_self\" ><img width=\"1024\" height=\"768\" src=\"https:\/\/www.visitsoglianoalrubicone.it\/wp-content\/uploads\/2021\/07\/visit-sogliano-al-rubicone-scopri-sogliano-arte-cultura-e-artigianato-architettura-e-monumenti-palazzo-david-box.jpg\" class=\"pt-cv-thumbnail\" alt=\"\" loading=\"lazy\" srcset=\"https:\/\/www.visitsoglianoalrubicone.it\/wp-content\/uploads\/2021\/07\/visit-sogliano-al-rubicone-scopri-sogliano-arte-cultura-e-artigianato-architettura-e-monumenti-palazzo-david-box.jpg 1024w, https:\/\/www.visitsoglianoalrubicone.it\/wp-content\/uploads\/2021\/07\/visit-sogliano-al-rubicone-scopri-sogliano-arte-cultura-e-artigianato-architettura-e-monumenti-palazzo-david-box-300x225.jpg 300w, https:\/\/www.visitsoglianoalrubicone.it\/wp-content\/uploads\/2021\/07\/visit-sogliano-al-rubicone-scopri-sogliano-arte-cultura-e-artigianato-architettura-e-monumenti-palazzo-david-box-768x576.jpg 768w\" sizes=\"(max-width: 1024px) 100vw, 1024px\" \/><\/a>\n<h6 class=\"pt-cv-title\"><a href=\"https:\/\/www.visitsoglianoalrubicone.it\/de\/sogliano-entdecken\/kunst-kultur-und-kunsthandwerk\/architektur-und-denkmaeler\/david-palace-sogliano\/\" class=\"_self\" target=\"_self\" >David Palace &#8211; Sogliano<\/a><\/h6><\/div><\/div><\/div><\/div><\/div>[\/vc_column_text][vc_empty_space height=&#8220;50px&#8220;][\/vc_column_inner][\/vc_row_inner][\/vc_column][\/vc_row]<\/p>\n","protected":false},"excerpt":{"rendered":"<p>[vc_row full_width=&#8220;stretch_row_content_no_spaces&#8220;][vc_column][vc_single_image image=&#8220;19406&#8243; img_size=&#8220;1920 x 450&#8243; alignment=&#8220;center&#8220; el_class=&#8220;infotronik_banner_pagina&#8220;][vc_empty_space height=&#8220;20px&#8220;][vc_row_inner][vc_column_inner][vc_column_text]Der am 31. Dezember 1855 in San Mauro di Romagna geborene und am&#8230;<\/p>\n","protected":false},"author":1,"featured_media":19407,"parent":20089,"menu_order":0,"comment_status":"closed","ping_status":"closed","template":"","meta":{"loftloader_page_shortcode":""},"_links":{"self":[{"href":"https:\/\/www.visitsoglianoalrubicone.it\/de\/wp-json\/wp\/v2\/pages\/19405"}],"collection":[{"href":"https:\/\/www.visitsoglianoalrubicone.it\/de\/wp-json\/wp\/v2\/pages"}],"about":[{"href":"https:\/\/www.visitsoglianoalrubicone.it\/de\/wp-json\/wp\/v2\/types\/page"}],"author":[{"embeddable":true,"href":"https:\/\/www.visitsoglianoalrubicone.it\/de\/wp-json\/wp\/v2\/users\/1"}],"replies":[{"embeddable":true,"href":"https:\/\/www.visitsoglianoalrubicone.it\/de\/wp-json\/wp\/v2\/comments?post=19405"}],"version-history":[{"count":2,"href":"https:\/\/www.visitsoglianoalrubicone.it\/de\/wp-json\/wp\/v2\/pages\/19405\/revisions"}],"predecessor-version":[{"id":19415,"href":"https:\/\/www.visitsoglianoalrubicone.it\/de\/wp-json\/wp\/v2\/pages\/19405\/revisions\/19415"}],"up":[{"embeddable":true,"href":"https:\/\/www.visitsoglianoalrubicone.it\/de\/wp-json\/wp\/v2\/pages\/20089"}],"wp:featuredmedia":[{"embeddable":true,"href":"https:\/\/www.visitsoglianoalrubicone.it\/de\/wp-json\/wp\/v2\/media\/19407"}],"wp:attachment":[{"href":"https:\/\/www.visitsoglianoalrubicone.it\/de\/wp-json\/wp\/v2\/media?parent=19405"}],"curies":[{"name":"wp","href":"https:\/\/api.w.org\/{rel}","templated":true}]}}

<p>[vc_row full_width=&#8220;stretch_row_content_no_spaces&#8220;][vc_column][vc_single_image image=&#8220;19406&#8243; img_size=&#8220;1920 x 450&#8243; alignment=&#8220;center&#8220; el_class=&#8220;infotronik_banner_pagina&#8220;]
			<section class="do-normal-page-title-section">
				<div class="container">
					<div class="row uppercase">
			
						<div class="do-page-title-wrapper">
							<div class="do-default-page-title col-md-7 col-sm-7 col-xs-12">
								<h2 info=16 class="infotronik_page_title_big">Giovanni Pascoli</h2>
								<p></p>
							</div>
			
							<div class="do-breadcumb"><ul><li><a class="infotronik_breadcrumb_cut" href="https://www.visitsoglianoalrubicone.it/de/sogliano-entdecken/kunst-kultur-und-kunsthandwerk/geschichte-und-illustre-persoenlichkeiten/">Geschichte und illustre Persönlichkeiten</a></li><li><a class="infotronik_breadcrumb_cut" href="https://www.visitsoglianoalrubicone.it/de/sogliano-entdecken/kunst-kultur-und-kunsthandwerk/geschichte-und-illustre-persoenlichkeiten/illustre-persoenlichkeiten/">Illustre Persönlichkeiten</a></li></ul></div>
						</div>
			
					</div>
				</div>
			</section>
		[vc_empty_space height=&#8220;20px&#8220;][vc_row_inner][vc_column_inner][vc_column_text]Der am 31. Dezember 1855 in San Mauro di Romagna geborene und am 6. April 1912 in Bologna gestorbene Pascoli war ein italienischer Dichter, Akademiker und Literaturkritiker, eine emblematische Figur der italienischen Literatur des späten 19. Jahrhunderts, die zusammen mit Gabriele D&#8217;Annunzio als der größte italienische Dichter der Dekadenz gilt, trotz seines überwiegend positivistischen Hintergrunds. Aus Sogliano stammten die Großmutter mütterlicherseits des Dichters, Olimpia Alloccatelli, seine Tante mütterlicherseits, Rita Vincenzi, die Placido David aus Sogliano heiratete, und seine andere Tante Luigia, genannt Gigia, die den Stadtsekretär Alessandro Morri heiratete; seine Schwestern Ida und Maria wurden von 1874 bis 1882 im Augustinerkloster erzogen. Sogliano al Rubicone stellt für Pascoli eine glückliche jugendliche Parenthese dar und mehrere Gedichte sind poetische Anklänge an unsere Gegend, wie &#8222;Il Pellegrino&#8220;, &#8222;A Ida e Maria&#8220;, &#8222;Placido&#8220; &#8222;L&#8217;asino&#8220;, &#8222;Digitale Purpurea&#8220;, &#8222;Suor Virginia&#8220;, &#8222;Le monache di Sogliano&#8220; und &#8222;L&#8217;addio&#8220;. &#8222;Piccolo grandemente amato paese di Romagna&#8220; sind die poetischen Worte, die Sogliano al Rubicone gewidmet sind und die wir am Eingang des Dorfes finden. Pascoli wurde 1906 die Ehrenbürgerschaft verliehen.[/vc_column_text][vc_empty_space height=&#8220;50px&#8220;][vc_text_separator title=&#8220;Nicht zu verpassen:&#8220; title_align=&#8220;separator_align_left&#8220; align=&#8220;align_left&#8220; color=&#8220;custom&#8220; el_width=&#8220;50&#8243; accent_color=&#8220;#fc7f0c&#8220;][vc_empty_space height=&#8220;50px&#8220;][vc_column_text]<div class="pt-cv-wrapper"><div class="pt-cv-view pt-cv-grid pt-cv-colsys" id="pt-cv-view-57b03fbdxt"><div data-id="pt-cv-page-1" class="pt-cv-page" data-cvc="3"><div class="col-md-4 col-sm-12 col-xs-12 pt-cv-content-item pt-cv-1-col" ><div class='pt-cv-ifield'><a href="https://www.visitsoglianoalrubicone.it/de/sogliano-entdecken/kunst-kultur-und-kunsthandwerk/architektur-und-denkmaeler/david-palace-sogliano/" class="_self pt-cv-href-thumbnail pt-cv-thumb-default" target="_self" ><img width="1024" height="768" src="https://www.visitsoglianoalrubicone.it/wp-content/uploads/2021/07/visit-sogliano-al-rubicone-scopri-sogliano-arte-cultura-e-artigianato-architettura-e-monumenti-palazzo-david-box.jpg" class="pt-cv-thumbnail" alt="" loading="lazy" srcset="https://www.visitsoglianoalrubicone.it/wp-content/uploads/2021/07/visit-sogliano-al-rubicone-scopri-sogliano-arte-cultura-e-artigianato-architettura-e-monumenti-palazzo-david-box.jpg 1024w, https://www.visitsoglianoalrubicone.it/wp-content/uploads/2021/07/visit-sogliano-al-rubicone-scopri-sogliano-arte-cultura-e-artigianato-architettura-e-monumenti-palazzo-david-box-300x225.jpg 300w, https://www.visitsoglianoalrubicone.it/wp-content/uploads/2021/07/visit-sogliano-al-rubicone-scopri-sogliano-arte-cultura-e-artigianato-architettura-e-monumenti-palazzo-david-box-768x576.jpg 768w" sizes="(max-width: 1024px) 100vw, 1024px" /></a>
<h6 class="pt-cv-title"><a href="https://www.visitsoglianoalrubicone.it/de/sogliano-entdecken/kunst-kultur-und-kunsthandwerk/architektur-und-denkmaeler/david-palace-sogliano/" class="_self" target="_self" >David Palace &#8211; Sogliano</a></h6></div></div></div></div></div>[/vc_column_text][vc_empty_space height=&#8220;50px&#8220;][/vc_column_inner][/vc_row_inner][/vc_column][/vc_row]</p>
