{"id":17353,"date":"2021-07-14T14:43:13","date_gmt":"2021-07-14T14:43:13","guid":{"rendered":"https:\/\/www.visitsoglianoalrubicone.it\/luigi-zanuccoli\/"},"modified":"2024-12-06T10:10:40","modified_gmt":"2024-12-06T10:10:40","slug":"luigi-zanuccoli","status":"publish","type":"page","link":"https:\/\/www.visitsoglianoalrubicone.it\/fr\/decouvrez-sogliano\/art-culture-et-artisanat\/histoire-et-personnalites-illustres\/personnalites-illustres\/luigi-zanuccoli\/","title":{"rendered":"Luigi Zanuccoli"},"content":{"rendered":"<p>[vc_row full_width=\u00a0\u00bbstretch_row_content_no_spaces\u00a0\u00bb][vc_column][vc_single_image image=\u00a0\u00bb17357&Prime; img_size=\u00a0\u00bb1920 x 450&Prime; alignment=\u00a0\u00bbcenter\u00a0\u00bb el_class=\u00a0\u00bbinfotronik_banner_pagina\u00a0\u00bb]\n\t\t\t<section class=\"do-normal-page-title-section\">\n\t\t\t\t<div class=\"container\">\n\t\t\t\t\t<div class=\"row uppercase\">\n\t\t\t\n\t\t\t\t\t\t<div class=\"do-page-title-wrapper\">\n\t\t\t\t\t\t\t<div class=\"do-default-page-title col-md-7 col-sm-7 col-xs-12\">\n\t\t\t\t\t\t\t\t<h2 info=15 class=\"infotronik_page_title_big\">Luigi Zanuccoli<\/h2>\n\t\t\t\t\t\t\t\t<p><\/p>\n\t\t\t\t\t\t\t<\/div>\n\t\t\t\n\t\t\t\t\t\t\t<div class=\"do-breadcumb\"><ul><li><a class=\"infotronik_breadcrumb_cut\" href=\"https:\/\/www.visitsoglianoalrubicone.it\/fr\/decouvrez-sogliano\/art-culture-et-artisanat\/histoire-et-personnalites-illustres\/\">Histoire et personnalit\u00e9s illustres<\/a><\/li><li><a class=\"infotronik_breadcrumb_cut\" href=\"https:\/\/www.visitsoglianoalrubicone.it\/fr\/decouvrez-sogliano\/art-culture-et-artisanat\/histoire-et-personnalites-illustres\/personnalites-illustres\/\">Personnalit\u00e9s illustres<\/a><\/li><\/ul><\/div>\n\t\t\t\t\t\t<\/div>\n\t\t\t\n\t\t\t\t\t<\/div>\n\t\t\t\t<\/div>\n\t\t\t<\/section>\n\t\t[vc_empty_space height=\u00a0\u00bb20px\u00a0\u00bb][vc_row_inner][vc_column_inner][vc_column_text]C\u00e9l\u00e8bre pianiste, professeur et bon compositeur n\u00e9 \u00e0 Sogliano al Rubicone, il a dirig\u00e9 \u00e0 Bologne et en Turquie ; en 1942, il est revenu \u00e0 Sogliano pour y passer les derni\u00e8res ann\u00e9es de sa vie. Le<strong>concours international pour jeunes musiciens \u00ab\u00a0Luigi Zanuccoli\u00a0\u00bb, qui<\/strong> se tient au Pro Loco et au <strong>th\u00e9\u00e2tre \u00ab\u00a0Elisabetta Turroni\u00a0\u00bb,<\/strong> lui est d\u00e9di\u00e9.[\/vc_column_text][vc_empty_space height=\u00a0\u00bb50px\u00a0\u00bb][vc_text_separator title=\u00a0\u00bb\u00c0 ne pas manquer :\u00a0\u00bb title_align=\u00a0\u00bbseparator_align_left\u00a0\u00bb align=\u00a0\u00bbalign_left\u00a0\u00bb color=\u00a0\u00bbcustom\u00a0\u00bb el_width=\u00a0\u00bb50&Prime; accent_color=\u00a0\u00bb#fc7f0c\u00a0\u00bb][vc_empty_space height=\u00a0\u00bb50px\u00a0\u00bb][vc_column_text]<div class=\"pt-cv-wrapper\"><div class=\"pt-cv-view pt-cv-grid pt-cv-colsys\" id=\"pt-cv-view-819568f46f\"><div data-id=\"pt-cv-page-1\" class=\"pt-cv-page\" data-cvc=\"2\"><div class=\"col-md-6 col-sm-6 col-xs-12 pt-cv-content-item pt-cv-1-col\" ><div class='pt-cv-ifield'><a href=\"https:\/\/www.visitsoglianoalrubicone.it\/fr\/decouvrez-sogliano\/art-culture-et-artisanat\/theatre-municipal-elisabetta-turroni\/\" class=\"_self pt-cv-href-thumbnail pt-cv-thumb-default\" target=\"_self\" ><img width=\"1024\" height=\"768\" src=\"https:\/\/www.visitsoglianoalrubicone.it\/wp-content\/uploads\/2021\/07\/Visit-Sogliano-Scopri-Sogliano-Arte-Cultura-Artigianato-Teatro-Turroni-Banner-Resized.jpg\" class=\"pt-cv-thumbnail\" alt=\"\" loading=\"lazy\" srcset=\"https:\/\/www.visitsoglianoalrubicone.it\/wp-content\/uploads\/2021\/07\/Visit-Sogliano-Scopri-Sogliano-Arte-Cultura-Artigianato-Teatro-Turroni-Banner-Resized.jpg 1024w, https:\/\/www.visitsoglianoalrubicone.it\/wp-content\/uploads\/2021\/07\/Visit-Sogliano-Scopri-Sogliano-Arte-Cultura-Artigianato-Teatro-Turroni-Banner-Resized-300x225.jpg 300w, https:\/\/www.visitsoglianoalrubicone.it\/wp-content\/uploads\/2021\/07\/Visit-Sogliano-Scopri-Sogliano-Arte-Cultura-Artigianato-Teatro-Turroni-Banner-Resized-768x576.jpg 768w\" sizes=\"(max-width: 1024px) 100vw, 1024px\" \/><\/a>\n<h6 class=\"pt-cv-title\"><a href=\"https:\/\/www.visitsoglianoalrubicone.it\/fr\/decouvrez-sogliano\/art-culture-et-artisanat\/theatre-municipal-elisabetta-turroni\/\" class=\"_self\" target=\"_self\" >Th\u00e9\u00e2tre municipal Elisabetta Turroni<\/a><\/h6><\/div><\/div>\n<div class=\"col-md-6 col-sm-6 col-xs-12 pt-cv-content-item pt-cv-1-col\" ><div class='pt-cv-ifield'><a href=\"https:\/\/www.visitsoglianoalrubicone.it\/fr\/decouvrez-sogliano\/art-culture-et-artisanat\/histoire-et-personnalites-illustres\/personnalites-illustres\/luigi-zanuccoli\/concours-international-de-musique-luigi-zanuccoli\/\" class=\"_self pt-cv-href-thumbnail pt-cv-thumb-default\" target=\"_self\" ><img width=\"1024\" height=\"768\" src=\"https:\/\/www.visitsoglianoalrubicone.it\/wp-content\/uploads\/2021\/07\/Visit-Sogliano-Scopri-Sogliano-Arte-Cultura-Artigianato-Storia-Personaggi-Illustri-Personaggi-Zanuccoli-Concorso-Internazionale-Banner-Resized.jpg\" class=\"pt-cv-thumbnail\" alt=\"\" loading=\"lazy\" srcset=\"https:\/\/www.visitsoglianoalrubicone.it\/wp-content\/uploads\/2021\/07\/Visit-Sogliano-Scopri-Sogliano-Arte-Cultura-Artigianato-Storia-Personaggi-Illustri-Personaggi-Zanuccoli-Concorso-Internazionale-Banner-Resized.jpg 1024w, https:\/\/www.visitsoglianoalrubicone.it\/wp-content\/uploads\/2021\/07\/Visit-Sogliano-Scopri-Sogliano-Arte-Cultura-Artigianato-Storia-Personaggi-Illustri-Personaggi-Zanuccoli-Concorso-Internazionale-Banner-Resized-300x225.jpg 300w, https:\/\/www.visitsoglianoalrubicone.it\/wp-content\/uploads\/2021\/07\/Visit-Sogliano-Scopri-Sogliano-Arte-Cultura-Artigianato-Storia-Personaggi-Illustri-Personaggi-Zanuccoli-Concorso-Internazionale-Banner-Resized-768x576.jpg 768w\" sizes=\"(max-width: 1024px) 100vw, 1024px\" \/><\/a>\n<h6 class=\"pt-cv-title\"><a href=\"https:\/\/www.visitsoglianoalrubicone.it\/fr\/decouvrez-sogliano\/art-culture-et-artisanat\/histoire-et-personnalites-illustres\/personnalites-illustres\/luigi-zanuccoli\/concours-international-de-musique-luigi-zanuccoli\/\" class=\"_self\" target=\"_self\" >Concours international de musique Luigi Zanuccoli<\/a><\/h6><\/div><\/div><\/div><\/div><\/div>[\/vc_column_text][vc_empty_space height=\u00a0\u00bb50px\u00a0\u00bb][\/vc_column_inner][\/vc_row_inner][\/vc_column][\/vc_row]<\/p>\n","protected":false},"excerpt":{"rendered":"<p>[vc_row full_width=\u00a0\u00bbstretch_row_content_no_spaces\u00a0\u00bb][vc_column][vc_single_image image=\u00a0\u00bb17357&Prime; img_size=\u00a0\u00bb1920 x 450&Prime; alignment=\u00a0\u00bbcenter\u00a0\u00bb el_class=\u00a0\u00bbinfotronik_banner_pagina\u00a0\u00bb][vc_empty_space height=\u00a0\u00bb20px\u00a0\u00bb][vc_row_inner][vc_column_inner][vc_column_text]C\u00e9l\u00e8bre pianiste, professeur et bon compositeur n\u00e9 \u00e0 Sogliano al Rubicone, il a&#8230;<\/p>\n","protected":false},"author":3,"featured_media":17358,"parent":20067,"menu_order":0,"comment_status":"closed","ping_status":"closed","template":"","meta":{"loftloader_page_shortcode":""},"_links":{"self":[{"href":"https:\/\/www.visitsoglianoalrubicone.it\/fr\/wp-json\/wp\/v2\/pages\/17353"}],"collection":[{"href":"https:\/\/www.visitsoglianoalrubicone.it\/fr\/wp-json\/wp\/v2\/pages"}],"about":[{"href":"https:\/\/www.visitsoglianoalrubicone.it\/fr\/wp-json\/wp\/v2\/types\/page"}],"author":[{"embeddable":true,"href":"https:\/\/www.visitsoglianoalrubicone.it\/fr\/wp-json\/wp\/v2\/users\/3"}],"replies":[{"embeddable":true,"href":"https:\/\/www.visitsoglianoalrubicone.it\/fr\/wp-json\/wp\/v2\/comments?post=17353"}],"version-history":[{"count":2,"href":"https:\/\/www.visitsoglianoalrubicone.it\/fr\/wp-json\/wp\/v2\/pages\/17353\/revisions"}],"predecessor-version":[{"id":17385,"href":"https:\/\/www.visitsoglianoalrubicone.it\/fr\/wp-json\/wp\/v2\/pages\/17353\/revisions\/17385"}],"up":[{"embeddable":true,"href":"https:\/\/www.visitsoglianoalrubicone.it\/fr\/wp-json\/wp\/v2\/pages\/20067"}],"wp:featuredmedia":[{"embeddable":true,"href":"https:\/\/www.visitsoglianoalrubicone.it\/fr\/wp-json\/wp\/v2\/media\/17358"}],"wp:attachment":[{"href":"https:\/\/www.visitsoglianoalrubicone.it\/fr\/wp-json\/wp\/v2\/media?parent=17353"}],"curies":[{"name":"wp","href":"https:\/\/api.w.org\/{rel}","templated":true}]}}

<p>[vc_row full_width= »stretch_row_content_no_spaces »][vc_column][vc_single_image image= »17357&Prime; img_size= »1920 x 450&Prime; alignment= »center » el_class= »infotronik_banner_pagina »]
			<section class="do-normal-page-title-section">
				<div class="container">
					<div class="row uppercase">
			
						<div class="do-page-title-wrapper">
							<div class="do-default-page-title col-md-7 col-sm-7 col-xs-12">
								<h2 info=15 class="infotronik_page_title_big">Luigi Zanuccoli</h2>
								<p></p>
							</div>
			
							<div class="do-breadcumb"><ul><li><a class="infotronik_breadcrumb_cut" href="https://www.visitsoglianoalrubicone.it/fr/decouvrez-sogliano/art-culture-et-artisanat/histoire-et-personnalites-illustres/">Histoire et personnalités illustres</a></li><li><a class="infotronik_breadcrumb_cut" href="https://www.visitsoglianoalrubicone.it/fr/decouvrez-sogliano/art-culture-et-artisanat/histoire-et-personnalites-illustres/personnalites-illustres/">Personnalités illustres</a></li></ul></div>
						</div>
			
					</div>
				</div>
			</section>
		[vc_empty_space height= »20px »][vc_row_inner][vc_column_inner][vc_column_text]Célèbre pianiste, professeur et bon compositeur né à Sogliano al Rubicone, il a dirigé à Bologne et en Turquie ; en 1942, il est revenu à Sogliano pour y passer les dernières années de sa vie. Le<strong>concours international pour jeunes musiciens « Luigi Zanuccoli », qui</strong> se tient au Pro Loco et au <strong>théâtre « Elisabetta Turroni »,</strong> lui est dédié.[/vc_column_text][vc_empty_space height= »50px »][vc_text_separator title= »À ne pas manquer : » title_align= »separator_align_left » align= »align_left » color= »custom » el_width= »50&Prime; accent_color= »#fc7f0c »][vc_empty_space height= »50px »][vc_column_text]<div class="pt-cv-wrapper"><div class="pt-cv-view pt-cv-grid pt-cv-colsys" id="pt-cv-view-819568f46f"><div data-id="pt-cv-page-1" class="pt-cv-page" data-cvc="2"><div class="col-md-6 col-sm-6 col-xs-12 pt-cv-content-item pt-cv-1-col" ><div class='pt-cv-ifield'><a href="https://www.visitsoglianoalrubicone.it/fr/decouvrez-sogliano/art-culture-et-artisanat/theatre-municipal-elisabetta-turroni/" class="_self pt-cv-href-thumbnail pt-cv-thumb-default" target="_self" ><img width="1024" height="768" src="https://www.visitsoglianoalrubicone.it/wp-content/uploads/2021/07/Visit-Sogliano-Scopri-Sogliano-Arte-Cultura-Artigianato-Teatro-Turroni-Banner-Resized.jpg" class="pt-cv-thumbnail" alt="" loading="lazy" srcset="https://www.visitsoglianoalrubicone.it/wp-content/uploads/2021/07/Visit-Sogliano-Scopri-Sogliano-Arte-Cultura-Artigianato-Teatro-Turroni-Banner-Resized.jpg 1024w, https://www.visitsoglianoalrubicone.it/wp-content/uploads/2021/07/Visit-Sogliano-Scopri-Sogliano-Arte-Cultura-Artigianato-Teatro-Turroni-Banner-Resized-300x225.jpg 300w, https://www.visitsoglianoalrubicone.it/wp-content/uploads/2021/07/Visit-Sogliano-Scopri-Sogliano-Arte-Cultura-Artigianato-Teatro-Turroni-Banner-Resized-768x576.jpg 768w" sizes="(max-width: 1024px) 100vw, 1024px" /></a>
<h6 class="pt-cv-title"><a href="https://www.visitsoglianoalrubicone.it/fr/decouvrez-sogliano/art-culture-et-artisanat/theatre-municipal-elisabetta-turroni/" class="_self" target="_self" >Théâtre municipal Elisabetta Turroni</a></h6></div></div>
<div class="col-md-6 col-sm-6 col-xs-12 pt-cv-content-item pt-cv-1-col" ><div class='pt-cv-ifield'><a href="https://www.visitsoglianoalrubicone.it/fr/decouvrez-sogliano/art-culture-et-artisanat/histoire-et-personnalites-illustres/personnalites-illustres/luigi-zanuccoli/concours-international-de-musique-luigi-zanuccoli/" class="_self pt-cv-href-thumbnail pt-cv-thumb-default" target="_self" ><img width="1024" height="768" src="https://www.visitsoglianoalrubicone.it/wp-content/uploads/2021/07/Visit-Sogliano-Scopri-Sogliano-Arte-Cultura-Artigianato-Storia-Personaggi-Illustri-Personaggi-Zanuccoli-Concorso-Internazionale-Banner-Resized.jpg" class="pt-cv-thumbnail" alt="" loading="lazy" srcset="https://www.visitsoglianoalrubicone.it/wp-content/uploads/2021/07/Visit-Sogliano-Scopri-Sogliano-Arte-Cultura-Artigianato-Storia-Personaggi-Illustri-Personaggi-Zanuccoli-Concorso-Internazionale-Banner-Resized.jpg 1024w, https://www.visitsoglianoalrubicone.it/wp-content/uploads/2021/07/Visit-Sogliano-Scopri-Sogliano-Arte-Cultura-Artigianato-Storia-Personaggi-Illustri-Personaggi-Zanuccoli-Concorso-Internazionale-Banner-Resized-300x225.jpg 300w, https://www.visitsoglianoalrubicone.it/wp-content/uploads/2021/07/Visit-Sogliano-Scopri-Sogliano-Arte-Cultura-Artigianato-Storia-Personaggi-Illustri-Personaggi-Zanuccoli-Concorso-Internazionale-Banner-Resized-768x576.jpg 768w" sizes="(max-width: 1024px) 100vw, 1024px" /></a>
<h6 class="pt-cv-title"><a href="https://www.visitsoglianoalrubicone.it/fr/decouvrez-sogliano/art-culture-et-artisanat/histoire-et-personnalites-illustres/personnalites-illustres/luigi-zanuccoli/concours-international-de-musique-luigi-zanuccoli/" class="_self" target="_self" >Concours international de musique Luigi Zanuccoli</a></h6></div></div></div></div></div>[/vc_column_text][vc_empty_space height= »50px »][/vc_column_inner][/vc_row_inner][/vc_column][/vc_row]</p>

<p>[vc_row full_width= »stretch_row_content_no_spaces »][vc_column][vc_single_image image= »17357&Prime; img_size= »1920 x 450&Prime; alignment= »center » el_class= »infotronik_banner_pagina »][vc_empty_space height= »20px »][vc_row_inner][vc_column_inner][vc_column_text]Célèbre pianiste, professeur et bon compositeur né à Sogliano al Rubicone, il a&#8230;</p>
