{"id":17846,"date":"2021-07-07T09:15:13","date_gmt":"2021-07-07T09:15:13","guid":{"rendered":"https:\/\/www.visitsoglianoalrubicone.it\/fete-du-sacre-coeur-de-jesus\/"},"modified":"2025-12-12T08:51:55","modified_gmt":"2025-12-12T08:51:55","slug":"fete-du-sacre-coeur-de-jesus","status":"publish","type":"page","link":"https:\/\/www.visitsoglianoalrubicone.it\/fr\/gout\/foires-festivals-et-marches\/fete-du-sacre-coeur-de-jesus\/","title":{"rendered":"F\u00eate du Sacr\u00e9-C\u0153ur de J\u00e9sus"},"content":{"rendered":"<p>[vc_row full_width=\u00a0\u00bbstretch_row_content_no_spaces\u00a0\u00bb content_placement=\u00a0\u00bbtop\u00a0\u00bb][vc_column][vc_single_image image=\u00a0\u00bb17851&Prime; img_size=\u00a0\u00bb1920 x 450&Prime; alignment=\u00a0\u00bbcenter\u00a0\u00bb el_class=\u00a0\u00bbinfotronik_banner_pagina\u00a0\u00bb]\n\t\t\t<section class=\"do-normal-page-title-section\">\n\t\t\t\t<div class=\"container\">\n\t\t\t\t\t<div class=\"row uppercase\">\n\t\t\t\n\t\t\t\t\t\t<div class=\"do-page-title-wrapper\">\n\t\t\t\t\t\t\t<div class=\"do-default-page-title col-md-7 col-sm-7 col-xs-12\">\n\t\t\t\t\t\t\t\t<h2 info=30 class=\"infotronik_page_title_big\">Festa del Sacro Cuore di Ges\u00f9<\/h2>\n\t\t\t\t\t\t\t\t<p><\/p>\n\t\t\t\t\t\t\t<\/div>\n\t\t\t\n\t\t\t\t\t\t\t<div class=\"do-breadcumb\"><ul><li><a href=\"https:\/\/www.visitsoglianoalrubicone.it\/fr\/gout\/\">GO\u00dbT<\/a><\/li><li><a class=\"infotronik_breadcrumb_cut\" href=\"https:\/\/www.visitsoglianoalrubicone.it\/fr\/gout\/foires-festivals-et-marches\/\">Foires, festivals et march\u00e9s<\/a><\/li><\/ul><\/div>\n\t\t\t\t\t\t<\/div>\n\t\t\t\n\t\t\t\t\t<\/div>\n\t\t\t\t<\/div>\n\t\t\t<\/section>\n\t\t[vc_empty_space height=\u00a0\u00bb20&Prime;][vc_row_inner][vc_column_inner][vc_column_text]F\u00eate caract\u00e9ris\u00e9e par la vente de produits typiques des artisans du feu (forgerons, verriers, c\u00e9ramistes et fabricants de po\u00eales) et par des reconstitutions historiques.<\/p>\n<p>Parall\u00e8lement, le \u00ab Prix National de Po\u00e9sie Agostino Venanzio Reali \u00bb a lieu ; le Prix concerne des po\u00e8mes sur un th\u00e8me libre, in\u00e9dits, en italien, et est \u00e9galement ouvert aux auteurs \u00e9trangers. Elle est divis\u00e9e en une section adulte et une section jeunesse (moins de 21 ans)[\/vc_column_text][vc_empty_space height=\u00a0\u00bb50px\u00a0\u00bb][\/vc_column_inner][\/vc_row_inner][vc_row_inner][vc_column_inner width=\u00a0\u00bb1\/2&Prime;][vc_empty_space height=\u00a0\u00bb20px\u00a0\u00bb]\n\t\t<div class=\"do-icon-with-text-style1 appear fadeIn\" data-wow-duration=\"1s\" data-wow-delay=\"0.3s\">\n\t\t    <div class=\"do-icon-wrapper\">\n\t\t        <i class=\"fa fa-map-marker\"><\/i>\n\t\t    <\/div>\n\t\t    <p>Montetiffi<\/p>\n\n\t\t<\/div>\n\t\n\t\t<div class=\"do-icon-with-text-style1 appear fadeIn\" data-wow-duration=\"1s\" data-wow-delay=\"0.3s\">\n\t\t    <div class=\"do-icon-wrapper\">\n\t\t        <i class=\"fa fa-calendar\"><\/i>\n\t\t    <\/div>\n\t\t    <p>Troisi\u00e8me week-end de septembre<\/p>\n\n\t\t<\/div>\n\t\n\t\t<div class=\"do-icon-with-text-style1 appear fadeIn\" data-wow-duration=\"1s\" data-wow-delay=\"0.3s\">\n\t\t    <div class=\"do-icon-wrapper\">\n\t\t        <i class=\"fa fa-user\"><\/i>\n\t\t    <\/div>\n\t\t    <p>Ass. Castrum Montis Tifforum <\/p>\n\n\t\t<\/div>\n\t\n\t\t<div class=\"do-icon-with-text-style1 appear fadeIn\" data-wow-duration=\"1s\" data-wow-delay=\"0.3s\">\n\t\t    <div class=\"do-icon-wrapper\">\n\t\t        <i class=\"fa fa-phone\"><\/i>\n\t\t    <\/div>\n\t\t    <p>Contact : <a href=\"tel:+393358432244\">335 8432244<\/a><\/p>\n\n\t\t<\/div>\n\t\n\t\t<div class=\"do-icon-with-text-style1 appear fadeIn\" data-wow-duration=\"1s\" data-wow-delay=\"0.3s\">\n\t\t    <div class=\"do-icon-wrapper\">\n\t\t        <i class=\"fa fa-envelope\"><\/i>\n\t\t    <\/div>\n\t\t    <p><a href=\"mailto:castrum.montistifforum@gmail.com\">castrum.montistifforum@gmail.com<\/a><\/p>\n\n\t\t<\/div>\n\t[\/vc_column_inner][vc_column_inner width=\u00a0\u00bb1\/2&Prime;][vc_gmaps link=\u00a0\u00bb#E-8_JTNDaWZyYW1lJTIwc3JjJTNEJTIyaHR0cHMlM0ElMkYlMkZ3d3cuZ29vZ2xlLmNvbSUyRm1hcHMlMkZlbWJlZCUzRnBiJTNEJTIxMW0xOCUyMTFtMTIlMjExbTMlMjExZDUxMTkuOTk5NzIzNTk2MzY1JTIxMmQxMi4yNzI3ODEwOTU5NzM5OCUyMTNkNDMuOTUyNTQ4NzQ5MTU4MyUyMTJtMyUyMTFmMCUyMTJmMCUyMTNmMCUyMTNtMiUyMTFpMTAyNCUyMTJpNzY4JTIxNGYxMy4xJTIxM20zJTIxMW0yJTIxMXMweDEzMmM5MGI4MDlhMWNmMTUlMjUzQTB4MjYwNzliMGQxNTlhNjVkMSUyMTJzNDcwMzAlMjUyME1vbnRldGlmZmklMjUyMEZDJTIxNWUxJTIxM20yJTIxMXNpdCUyMTJzaXQlMjE0djE2MjU2NDk1OTQ1NTElMjE1bTIlMjExc2l0JTIxMnNpdCUyMiUyMHdpZHRoJTNEJTIyNjAwJTIyJTIwaGVpZ2h0JTNEJTIyNDUwJTIyJTIwc3R5bGUlM0QlMjJib3JkZXIlM0EwJTNCJTIyJTIwYWxsb3dmdWxsc2NyZWVuJTNEJTIyJTIyJTIwbG9hZGluZyUzRCUyMmxhenklMjIlM0UlM0MlMkZpZnJhbWUlM0U=\u00a0\u00bb][\/vc_column_inner][\/vc_row_inner][vc_empty_space height=\u00a0\u00bb50px\u00a0\u00bb][\/vc_column][\/vc_row]<\/p>\n","protected":false},"excerpt":{"rendered":"<p>[vc_row full_width=\u00a0\u00bbstretch_row_content_no_spaces\u00a0\u00bb content_placement=\u00a0\u00bbtop\u00a0\u00bb][vc_column][vc_single_image image=\u00a0\u00bb17851&Prime; img_size=\u00a0\u00bb1920 x 450&Prime; alignment=\u00a0\u00bbcenter\u00a0\u00bb el_class=\u00a0\u00bbinfotronik_banner_pagina\u00a0\u00bb][vc_empty_space height=\u00a0\u00bb20&Prime;][vc_row_inner][vc_column_inner][vc_column_text]F\u00eate caract\u00e9ris\u00e9e par la vente de produits typiques des artisans du feu&#8230;<\/p>\n","protected":false},"author":1,"featured_media":17853,"parent":19852,"menu_order":0,"comment_status":"closed","ping_status":"closed","template":"","meta":{"loftloader_page_shortcode":""},"_links":{"self":[{"href":"https:\/\/www.visitsoglianoalrubicone.it\/fr\/wp-json\/wp\/v2\/pages\/17846"}],"collection":[{"href":"https:\/\/www.visitsoglianoalrubicone.it\/fr\/wp-json\/wp\/v2\/pages"}],"about":[{"href":"https:\/\/www.visitsoglianoalrubicone.it\/fr\/wp-json\/wp\/v2\/types\/page"}],"author":[{"embeddable":true,"href":"https:\/\/www.visitsoglianoalrubicone.it\/fr\/wp-json\/wp\/v2\/users\/1"}],"replies":[{"embeddable":true,"href":"https:\/\/www.visitsoglianoalrubicone.it\/fr\/wp-json\/wp\/v2\/comments?post=17846"}],"version-history":[{"count":11,"href":"https:\/\/www.visitsoglianoalrubicone.it\/fr\/wp-json\/wp\/v2\/pages\/17846\/revisions"}],"predecessor-version":[{"id":33675,"href":"https:\/\/www.visitsoglianoalrubicone.it\/fr\/wp-json\/wp\/v2\/pages\/17846\/revisions\/33675"}],"up":[{"embeddable":true,"href":"https:\/\/www.visitsoglianoalrubicone.it\/fr\/wp-json\/wp\/v2\/pages\/19852"}],"wp:featuredmedia":[{"embeddable":true,"href":"https:\/\/www.visitsoglianoalrubicone.it\/fr\/wp-json\/wp\/v2\/media\/17853"}],"wp:attachment":[{"href":"https:\/\/www.visitsoglianoalrubicone.it\/fr\/wp-json\/wp\/v2\/media?parent=17846"}],"curies":[{"name":"wp","href":"https:\/\/api.w.org\/{rel}","templated":true}]}}

Fête du Sacré-Cœur de Jésus

<p>[vc_row full_width= »stretch_row_content_no_spaces » content_placement= »top »][vc_column][vc_single_image image= »17851&Prime; img_size= »1920 x 450&Prime; alignment= »center » el_class= »infotronik_banner_pagina »]
			<section class="do-normal-page-title-section">
				<div class="container">
					<div class="row uppercase">
			
						<div class="do-page-title-wrapper">
							<div class="do-default-page-title col-md-7 col-sm-7 col-xs-12">
								<h2 info=30 class="infotronik_page_title_big">Festa del Sacro Cuore di Gesù</h2>
								<p></p>
							</div>
			
							<div class="do-breadcumb"><ul><li><a href="https://www.visitsoglianoalrubicone.it/fr/gout/">GOÛT</a></li><li><a class="infotronik_breadcrumb_cut" href="https://www.visitsoglianoalrubicone.it/fr/gout/foires-festivals-et-marches/">Foires, festivals et marchés</a></li></ul></div>
						</div>
			
					</div>
				</div>
			</section>
		[vc_empty_space height= »20&Prime;][vc_row_inner][vc_column_inner][vc_column_text]Fête caractérisée par la vente de produits typiques des artisans du feu (forgerons, verriers, céramistes et fabricants de poêles) et par des reconstitutions historiques.</p>
<p>Parallèlement, le « Prix National de Poésie Agostino Venanzio Reali » a lieu ; le Prix concerne des poèmes sur un thème libre, inédits, en italien, et est également ouvert aux auteurs étrangers. Elle est divisée en une section adulte et une section jeunesse (moins de 21 ans)[/vc_column_text][vc_empty_space height= »50px »][/vc_column_inner][/vc_row_inner][vc_row_inner][vc_column_inner width= »1/2&Prime;][vc_empty_space height= »20px »]
		<div class="do-icon-with-text-style1 appear fadeIn" data-wow-duration="1s" data-wow-delay="0.3s">
		    <div class="do-icon-wrapper">
		        <i class="fa fa-map-marker"></i>
		    </div>
		    <p>Montetiffi</p>

		</div>
	
		<div class="do-icon-with-text-style1 appear fadeIn" data-wow-duration="1s" data-wow-delay="0.3s">
		    <div class="do-icon-wrapper">
		        <i class="fa fa-calendar"></i>
		    </div>
		    <p>Troisième week-end de septembre</p>

		</div>
	
		<div class="do-icon-with-text-style1 appear fadeIn" data-wow-duration="1s" data-wow-delay="0.3s">
		    <div class="do-icon-wrapper">
		        <i class="fa fa-user"></i>
		    </div>
		    <p>Ass. Castrum Montis Tifforum </p>

		</div>
	
		<div class="do-icon-with-text-style1 appear fadeIn" data-wow-duration="1s" data-wow-delay="0.3s">
		    <div class="do-icon-wrapper">
		        <i class="fa fa-phone"></i>
		    </div>
		    <p>Contact : <a href="tel:+393358432244">335 8432244</a></p>

		</div>
	
		<div class="do-icon-with-text-style1 appear fadeIn" data-wow-duration="1s" data-wow-delay="0.3s">
		    <div class="do-icon-wrapper">
		        <i class="fa fa-envelope"></i>
		    </div>
		    <p><a href="mailto:castrum.montistifforum@gmail.com">castrum.montistifforum@gmail.com</a></p>

		</div>
	[/vc_column_inner][vc_column_inner width= »1/2&Prime;][vc_gmaps link= »#E-8_JTNDaWZyYW1lJTIwc3JjJTNEJTIyaHR0cHMlM0ElMkYlMkZ3d3cuZ29vZ2xlLmNvbSUyRm1hcHMlMkZlbWJlZCUzRnBiJTNEJTIxMW0xOCUyMTFtMTIlMjExbTMlMjExZDUxMTkuOTk5NzIzNTk2MzY1JTIxMmQxMi4yNzI3ODEwOTU5NzM5OCUyMTNkNDMuOTUyNTQ4NzQ5MTU4MyUyMTJtMyUyMTFmMCUyMTJmMCUyMTNmMCUyMTNtMiUyMTFpMTAyNCUyMTJpNzY4JTIxNGYxMy4xJTIxM20zJTIxMW0yJTIxMXMweDEzMmM5MGI4MDlhMWNmMTUlMjUzQTB4MjYwNzliMGQxNTlhNjVkMSUyMTJzNDcwMzAlMjUyME1vbnRldGlmZmklMjUyMEZDJTIxNWUxJTIxM20yJTIxMXNpdCUyMTJzaXQlMjE0djE2MjU2NDk1OTQ1NTElMjE1bTIlMjExc2l0JTIxMnNpdCUyMiUyMHdpZHRoJTNEJTIyNjAwJTIyJTIwaGVpZ2h0JTNEJTIyNDUwJTIyJTIwc3R5bGUlM0QlMjJib3JkZXIlM0EwJTNCJTIyJTIwYWxsb3dmdWxsc2NyZWVuJTNEJTIyJTIyJTIwbG9hZGluZyUzRCUyMmxhenklMjIlM0UlM0MlMkZpZnJhbWUlM0U= »][/vc_column_inner][/vc_row_inner][vc_empty_space height= »50px »][/vc_column][/vc_row]</p>

<p>[vc_row full_width= »stretch_row_content_no_spaces » content_placement= »top »][vc_column][vc_single_image image= »17851&Prime; img_size= »1920 x 450&Prime; alignment= »center » el_class= »infotronik_banner_pagina »][vc_empty_space height= »20&Prime;][vc_row_inner][vc_column_inner][vc_column_text]Fête caractérisée par la vente de produits typiques des artisans du feu&#8230;</p>
