{"id":19398,"date":"2021-07-04T14:39:21","date_gmt":"2021-07-04T14:39:21","guid":{"rendered":"https:\/\/www.visitsoglianoalrubicone.it\/giovanni-pascoli\/"},"modified":"2024-12-06T10:10:39","modified_gmt":"2024-12-06T10:10:39","slug":"giovanni-pascoli","status":"publish","type":"page","link":"https:\/\/www.visitsoglianoalrubicone.it\/fr\/decouvrez-sogliano\/art-culture-et-artisanat\/histoire-et-personnalites-illustres\/personnalites-illustres\/giovanni-pascoli\/","title":{"rendered":"Giovanni Pascoli"},"content":{"rendered":"<p>[vc_row full_width=\u00a0\u00bbstretch_row_content_no_spaces\u00a0\u00bb][vc_column][vc_single_image image=\u00a0\u00bb19399&Prime; img_size=\u00a0\u00bb1920 x 450&Prime; alignment=\u00a0\u00bbcenter\u00a0\u00bb el_class=\u00a0\u00bbinfotronik_banner_pagina\u00a0\u00bb]\n\t\t\t<section class=\"do-normal-page-title-section\">\n\t\t\t\t<div class=\"container\">\n\t\t\t\t\t<div class=\"row uppercase\">\n\t\t\t\n\t\t\t\t\t\t<div class=\"do-page-title-wrapper\">\n\t\t\t\t\t\t\t<div class=\"do-default-page-title col-md-7 col-sm-7 col-xs-12\">\n\t\t\t\t\t\t\t\t<h2 info=16 class=\"infotronik_page_title_big\">Giovanni Pascoli<\/h2>\n\t\t\t\t\t\t\t\t<p><\/p>\n\t\t\t\t\t\t\t<\/div>\n\t\t\t\n\t\t\t\t\t\t\t<div class=\"do-breadcumb\"><ul><li><a class=\"infotronik_breadcrumb_cut\" href=\"https:\/\/www.visitsoglianoalrubicone.it\/fr\/decouvrez-sogliano\/art-culture-et-artisanat\/histoire-et-personnalites-illustres\/\">Histoire et personnalit\u00e9s illustres<\/a><\/li><li><a class=\"infotronik_breadcrumb_cut\" href=\"https:\/\/www.visitsoglianoalrubicone.it\/fr\/decouvrez-sogliano\/art-culture-et-artisanat\/histoire-et-personnalites-illustres\/personnalites-illustres\/\">Personnalit\u00e9s illustres<\/a><\/li><\/ul><\/div>\n\t\t\t\t\t\t<\/div>\n\t\t\t\n\t\t\t\t\t<\/div>\n\t\t\t\t<\/div>\n\t\t\t<\/section>\n\t\t[vc_empty_space height=\u00a0\u00bb20px\u00a0\u00bb][vc_row_inner][vc_column_inner][vc_column_text]N\u00e9 \u00e0 San Mauro di Romagna le 31 d\u00e9cembre 1855 et mort \u00e0 Bologne le 6 avril 1912, Pascoli \u00e9tait un po\u00e8te, universitaire et critique litt\u00e9raire italien, figure embl\u00e9matique de la litt\u00e9rature italienne de la fin du XIXe si\u00e8cle, consid\u00e9r\u00e9, avec Gabriele D&rsquo;Annunzio, comme le plus grand po\u00e8te d\u00e9cadent italien, malgr\u00e9 sa formation essentiellement positiviste. La grand-m\u00e8re maternelle du po\u00e8te, Olimpia Alloccatelli, sa tante maternelle, Rita Vincenzi, qui \u00e9pousa Placido David, originaire de Sogliano, et son autre tante, Luigia, dite Gigia, qui \u00e9pousa le secr\u00e9taire municipal Alessandro Morri, \u00e9taient originaires de Sogliano ; ses s\u0153urs Ida et Maria furent scolaris\u00e9es au couvent des Augustins de 1874 \u00e0 1882. Sogliano al Rubicone repr\u00e9sente une parenth\u00e8se de jeunesse heureuse pour Pascoli et plusieurs po\u00e8mes sont des \u00e9chos po\u00e9tiques de notre territoire comme \u00ab\u00a0Il Pellegrino\u00a0\u00bb, \u00ab\u00a0A Ida e Maria\u00a0\u00bb, \u00ab\u00a0Placido\u00a0\u00bb, \u00ab\u00a0L&rsquo;asino\u00a0\u00bb, \u00ab\u00a0Digitale Purpurea\u00a0\u00bb, \u00ab\u00a0Suor Virginia\u00a0\u00bb, \u00ab\u00a0Le monache di Sogliano\u00a0\u00bb et \u00ab\u00a0L&rsquo;addio\u00a0\u00bb. \u00ab\u00a0Piccolo grandemente amato paese di Romagna\u00a0\u00bb sont des mots po\u00e9tiques d\u00e9di\u00e9s \u00e0 Sogliano al Rubicone que l&rsquo;on trouve \u00e0 l&rsquo;entr\u00e9e du village. Pascoli a re\u00e7u la citoyennet\u00e9 d&rsquo;honneur en 1906.[\/vc_column_text][vc_empty_space height=\u00a0\u00bb50px\u00a0\u00bb][vc_text_separator title=\u00a0\u00bb\u00c0 ne pas manquer :\u00a0\u00bb title_align=\u00a0\u00bbseparator_align_left\u00a0\u00bb align=\u00a0\u00bbalign_left\u00a0\u00bb color=\u00a0\u00bbcustom\u00a0\u00bb el_width=\u00a0\u00bb50&Prime; accent_color=\u00a0\u00bb#fc7f0c\u00a0\u00bb][vc_empty_space height=\u00a0\u00bb50px\u00a0\u00bb][vc_column_text]<div class=\"pt-cv-wrapper\"><div class=\"pt-cv-view pt-cv-grid pt-cv-colsys\" id=\"pt-cv-view-57b03fbdxt\"><div data-id=\"pt-cv-page-1\" class=\"pt-cv-page\" data-cvc=\"3\"><div class=\"col-md-4 col-sm-12 col-xs-12 pt-cv-content-item pt-cv-1-col\" ><div class='pt-cv-ifield'><a href=\"https:\/\/www.visitsoglianoalrubicone.it\/fr\/decouvrez-sogliano\/art-culture-et-artisanat\/architecture-et-monuments\/david-palace-sogliano\/\" class=\"_self pt-cv-href-thumbnail pt-cv-thumb-default\" target=\"_self\" ><img width=\"1024\" height=\"768\" src=\"https:\/\/www.visitsoglianoalrubicone.it\/wp-content\/uploads\/2021\/07\/visit-sogliano-al-rubicone-scopri-sogliano-arte-cultura-e-artigianato-architettura-e-monumenti-palazzo-david-box.jpg\" class=\"pt-cv-thumbnail\" alt=\"\" loading=\"lazy\" srcset=\"https:\/\/www.visitsoglianoalrubicone.it\/wp-content\/uploads\/2021\/07\/visit-sogliano-al-rubicone-scopri-sogliano-arte-cultura-e-artigianato-architettura-e-monumenti-palazzo-david-box.jpg 1024w, https:\/\/www.visitsoglianoalrubicone.it\/wp-content\/uploads\/2021\/07\/visit-sogliano-al-rubicone-scopri-sogliano-arte-cultura-e-artigianato-architettura-e-monumenti-palazzo-david-box-300x225.jpg 300w, https:\/\/www.visitsoglianoalrubicone.it\/wp-content\/uploads\/2021\/07\/visit-sogliano-al-rubicone-scopri-sogliano-arte-cultura-e-artigianato-architettura-e-monumenti-palazzo-david-box-768x576.jpg 768w\" sizes=\"(max-width: 1024px) 100vw, 1024px\" \/><\/a>\n<h6 class=\"pt-cv-title\"><a href=\"https:\/\/www.visitsoglianoalrubicone.it\/fr\/decouvrez-sogliano\/art-culture-et-artisanat\/architecture-et-monuments\/david-palace-sogliano\/\" class=\"_self\" target=\"_self\" >David Palace &#8211; Sogliano<\/a><\/h6><\/div><\/div><\/div><\/div><\/div>[\/vc_column_text][vc_empty_space height=\u00a0\u00bb50px\u00a0\u00bb][\/vc_column_inner][\/vc_row_inner][\/vc_column][\/vc_row]<\/p>\n","protected":false},"excerpt":{"rendered":"<p>[vc_row full_width=\u00a0\u00bbstretch_row_content_no_spaces\u00a0\u00bb][vc_column][vc_single_image image=\u00a0\u00bb19399&Prime; img_size=\u00a0\u00bb1920 x 450&Prime; alignment=\u00a0\u00bbcenter\u00a0\u00bb el_class=\u00a0\u00bbinfotronik_banner_pagina\u00a0\u00bb][vc_empty_space height=\u00a0\u00bb20px\u00a0\u00bb][vc_row_inner][vc_column_inner][vc_column_text]N\u00e9 \u00e0 San Mauro di Romagna le 31 d\u00e9cembre 1855 et mort \u00e0&#8230;<\/p>\n","protected":false},"author":1,"featured_media":19400,"parent":20067,"menu_order":0,"comment_status":"closed","ping_status":"closed","template":"","meta":{"loftloader_page_shortcode":""},"_links":{"self":[{"href":"https:\/\/www.visitsoglianoalrubicone.it\/fr\/wp-json\/wp\/v2\/pages\/19398"}],"collection":[{"href":"https:\/\/www.visitsoglianoalrubicone.it\/fr\/wp-json\/wp\/v2\/pages"}],"about":[{"href":"https:\/\/www.visitsoglianoalrubicone.it\/fr\/wp-json\/wp\/v2\/types\/page"}],"author":[{"embeddable":true,"href":"https:\/\/www.visitsoglianoalrubicone.it\/fr\/wp-json\/wp\/v2\/users\/1"}],"replies":[{"embeddable":true,"href":"https:\/\/www.visitsoglianoalrubicone.it\/fr\/wp-json\/wp\/v2\/comments?post=19398"}],"version-history":[{"count":2,"href":"https:\/\/www.visitsoglianoalrubicone.it\/fr\/wp-json\/wp\/v2\/pages\/19398\/revisions"}],"predecessor-version":[{"id":19414,"href":"https:\/\/www.visitsoglianoalrubicone.it\/fr\/wp-json\/wp\/v2\/pages\/19398\/revisions\/19414"}],"up":[{"embeddable":true,"href":"https:\/\/www.visitsoglianoalrubicone.it\/fr\/wp-json\/wp\/v2\/pages\/20067"}],"wp:featuredmedia":[{"embeddable":true,"href":"https:\/\/www.visitsoglianoalrubicone.it\/fr\/wp-json\/wp\/v2\/media\/19400"}],"wp:attachment":[{"href":"https:\/\/www.visitsoglianoalrubicone.it\/fr\/wp-json\/wp\/v2\/media?parent=19398"}],"curies":[{"name":"wp","href":"https:\/\/api.w.org\/{rel}","templated":true}]}}

<p>[vc_row full_width= »stretch_row_content_no_spaces »][vc_column][vc_single_image image= »19399&Prime; img_size= »1920 x 450&Prime; alignment= »center » el_class= »infotronik_banner_pagina »]
			<section class="do-normal-page-title-section">
				<div class="container">
					<div class="row uppercase">
			
						<div class="do-page-title-wrapper">
							<div class="do-default-page-title col-md-7 col-sm-7 col-xs-12">
								<h2 info=16 class="infotronik_page_title_big">Giovanni Pascoli</h2>
								<p></p>
							</div>
			
							<div class="do-breadcumb"><ul><li><a class="infotronik_breadcrumb_cut" href="https://www.visitsoglianoalrubicone.it/fr/decouvrez-sogliano/art-culture-et-artisanat/histoire-et-personnalites-illustres/">Histoire et personnalités illustres</a></li><li><a class="infotronik_breadcrumb_cut" href="https://www.visitsoglianoalrubicone.it/fr/decouvrez-sogliano/art-culture-et-artisanat/histoire-et-personnalites-illustres/personnalites-illustres/">Personnalités illustres</a></li></ul></div>
						</div>
			
					</div>
				</div>
			</section>
		[vc_empty_space height= »20px »][vc_row_inner][vc_column_inner][vc_column_text]Né à San Mauro di Romagna le 31 décembre 1855 et mort à Bologne le 6 avril 1912, Pascoli était un poète, universitaire et critique littéraire italien, figure emblématique de la littérature italienne de la fin du XIXe siècle, considéré, avec Gabriele D&rsquo;Annunzio, comme le plus grand poète décadent italien, malgré sa formation essentiellement positiviste. La grand-mère maternelle du poète, Olimpia Alloccatelli, sa tante maternelle, Rita Vincenzi, qui épousa Placido David, originaire de Sogliano, et son autre tante, Luigia, dite Gigia, qui épousa le secrétaire municipal Alessandro Morri, étaient originaires de Sogliano ; ses sœurs Ida et Maria furent scolarisées au couvent des Augustins de 1874 à 1882. Sogliano al Rubicone représente une parenthèse de jeunesse heureuse pour Pascoli et plusieurs poèmes sont des échos poétiques de notre territoire comme « Il Pellegrino », « A Ida e Maria », « Placido », « L&rsquo;asino », « Digitale Purpurea », « Suor Virginia », « Le monache di Sogliano » et « L&rsquo;addio ». « Piccolo grandemente amato paese di Romagna » sont des mots poétiques dédiés à Sogliano al Rubicone que l&rsquo;on trouve à l&rsquo;entrée du village. Pascoli a reçu la citoyenneté d&rsquo;honneur en 1906.[/vc_column_text][vc_empty_space height= »50px »][vc_text_separator title= »À ne pas manquer : » title_align= »separator_align_left » align= »align_left » color= »custom » el_width= »50&Prime; accent_color= »#fc7f0c »][vc_empty_space height= »50px »][vc_column_text]<div class="pt-cv-wrapper"><div class="pt-cv-view pt-cv-grid pt-cv-colsys" id="pt-cv-view-57b03fbdxt"><div data-id="pt-cv-page-1" class="pt-cv-page" data-cvc="3"><div class="col-md-4 col-sm-12 col-xs-12 pt-cv-content-item pt-cv-1-col" ><div class='pt-cv-ifield'><a href="https://www.visitsoglianoalrubicone.it/fr/decouvrez-sogliano/art-culture-et-artisanat/architecture-et-monuments/david-palace-sogliano/" class="_self pt-cv-href-thumbnail pt-cv-thumb-default" target="_self" ><img width="1024" height="768" src="https://www.visitsoglianoalrubicone.it/wp-content/uploads/2021/07/visit-sogliano-al-rubicone-scopri-sogliano-arte-cultura-e-artigianato-architettura-e-monumenti-palazzo-david-box.jpg" class="pt-cv-thumbnail" alt="" loading="lazy" srcset="https://www.visitsoglianoalrubicone.it/wp-content/uploads/2021/07/visit-sogliano-al-rubicone-scopri-sogliano-arte-cultura-e-artigianato-architettura-e-monumenti-palazzo-david-box.jpg 1024w, https://www.visitsoglianoalrubicone.it/wp-content/uploads/2021/07/visit-sogliano-al-rubicone-scopri-sogliano-arte-cultura-e-artigianato-architettura-e-monumenti-palazzo-david-box-300x225.jpg 300w, https://www.visitsoglianoalrubicone.it/wp-content/uploads/2021/07/visit-sogliano-al-rubicone-scopri-sogliano-arte-cultura-e-artigianato-architettura-e-monumenti-palazzo-david-box-768x576.jpg 768w" sizes="(max-width: 1024px) 100vw, 1024px" /></a>
<h6 class="pt-cv-title"><a href="https://www.visitsoglianoalrubicone.it/fr/decouvrez-sogliano/art-culture-et-artisanat/architecture-et-monuments/david-palace-sogliano/" class="_self" target="_self" >David Palace &#8211; Sogliano</a></h6></div></div></div></div></div>[/vc_column_text][vc_empty_space height= »50px »][/vc_column_inner][/vc_row_inner][/vc_column][/vc_row]</p>

<p>[vc_row full_width= »stretch_row_content_no_spaces »][vc_column][vc_single_image image= »19399&Prime; img_size= »1920 x 450&Prime; alignment= »center » el_class= »infotronik_banner_pagina »][vc_empty_space height= »20px »][vc_row_inner][vc_column_inner][vc_column_text]Né à San Mauro di Romagna le 31 décembre 1855 et mort à&#8230;</p>
