{"id":20156,"date":"2021-07-03T14:49:53","date_gmt":"2021-07-03T14:49:53","guid":{"rendered":"https:\/\/www.visitsoglianoalrubicone.it\/histoire-et-personnalites-illustres\/"},"modified":"2024-12-06T10:11:40","modified_gmt":"2024-12-06T10:11:40","slug":"histoire-et-personnalites-illustres","status":"publish","type":"page","link":"https:\/\/www.visitsoglianoalrubicone.it\/fr\/decouvrez-sogliano\/art-culture-et-artisanat\/histoire-et-personnalites-illustres\/","title":{"rendered":"Histoire et personnalit\u00e9s illustres"},"content":{"rendered":"<p>[vc_row full_width=\u00a0\u00bbstretch_row_content_no_spaces\u00a0\u00bb][vc_column][vc_single_image image=\u00a0\u00bb20158&Prime; img_size=\u00a0\u00bb1920 x 450&Prime; alignment=\u00a0\u00bbcenter\u00a0\u00bb el_class=\u00a0\u00bbinfotronik_banner_pagina\u00a0\u00bb]\n\t\t\t<section class=\"do-normal-page-title-section\">\n\t\t\t\t<div class=\"container\">\n\t\t\t\t\t<div class=\"row uppercase\">\n\t\t\t\n\t\t\t\t\t\t<div class=\"do-page-title-wrapper\">\n\t\t\t\t\t\t\t<div class=\"do-default-page-title col-md-7 col-sm-7 col-xs-12\">\n\t\t\t\t\t\t\t\t<h2 info=28 class=\"infotronik_page_title_big\">Storia e Personaggi Illustri<\/h2>\n\t\t\t\t\t\t\t\t<p><\/p>\n\t\t\t\t\t\t\t<\/div>\n\t\t\t\n\t\t\t\t\t\t\t<div class=\"do-breadcumb\"><ul><li><a class=\"infotronik_breadcrumb_cut\" href=\"https:\/\/www.visitsoglianoalrubicone.it\/fr\/decouvrez-sogliano\/\">D\u00c9COUVREZ SOGLIANO<\/a><\/li><li><a class=\"infotronik_breadcrumb_cut\" href=\"https:\/\/www.visitsoglianoalrubicone.it\/fr\/decouvrez-sogliano\/art-culture-et-artisanat\/\">Art, culture et artisanat<\/a><\/li><\/ul><\/div>\n\t\t\t\t\t\t<\/div>\n\t\t\t\n\t\t\t\t\t<\/div>\n\t\t\t\t<\/div>\n\t\t\t<\/section>\n\t\t[vc_empty_space height=\u00a0\u00bb20px\u00a0\u00bb][vc_row_inner][vc_column_inner][vc_column_text]<span style=\"font-weight: 400;\">Sogliano al Rubicone est document\u00e9 depuis 1141 et lie son histoire et celle de ses hameaux \u00e0 la famille Malatesta, au moins depuis le milieu du XIIIe si\u00e8cle. \u00c0 partir de 1640, le Saint-Si\u00e8ge a pris le contr\u00f4le direct de la ville. <\/span><\/p>\n<p>Pendant la Seconde Guerre mondiale, elle a \u00e9t\u00e9 le th\u00e9\u00e2tre de combats acharn\u00e9s entre les forces alli\u00e9es et les Allemands en retraite. L&rsquo;histoire a laiss\u00e9 des traces sur l&rsquo;ensemble du territoire et de nombreux personnages importants en ont \u00e9t\u00e9 les protagonistes, depuis les temps les plus anciens jusqu&rsquo;aux \u00e9poques les plus r\u00e9centes.[\/vc_column_text][vc_empty_space height=\u00a0\u00bb50px\u00a0\u00bb][vc_column_text]<div class=\"pt-cv-wrapper\"><div class=\"pt-cv-view pt-cv-grid pt-cv-colsys\" id=\"pt-cv-view-2472883tuo\"><div data-id=\"pt-cv-page-1\" class=\"pt-cv-page\" data-cvc=\"2\"><div class=\"col-md-6 col-sm-6 col-xs-12 pt-cv-content-item pt-cv-1-col\" ><div class='pt-cv-ifield'><a href=\"https:\/\/www.visitsoglianoalrubicone.it\/fr\/decouvrez-sogliano\/art-culture-et-artisanat\/histoire-et-personnalites-illustres\/lhistoire\/\" class=\"_self pt-cv-href-thumbnail pt-cv-thumb-default\" target=\"_self\" ><img width=\"1024\" height=\"768\" src=\"https:\/\/www.visitsoglianoalrubicone.it\/wp-content\/uploads\/2021\/07\/Visit-Sogliano-Scopri-Sogliano-Arte-Cultura-Artigianato-Storia-Personaggi-Illustri-Storia-Banner-Resized.jpg\" class=\"pt-cv-thumbnail\" alt=\"\" loading=\"lazy\" srcset=\"https:\/\/www.visitsoglianoalrubicone.it\/wp-content\/uploads\/2021\/07\/Visit-Sogliano-Scopri-Sogliano-Arte-Cultura-Artigianato-Storia-Personaggi-Illustri-Storia-Banner-Resized.jpg 1024w, https:\/\/www.visitsoglianoalrubicone.it\/wp-content\/uploads\/2021\/07\/Visit-Sogliano-Scopri-Sogliano-Arte-Cultura-Artigianato-Storia-Personaggi-Illustri-Storia-Banner-Resized-300x225.jpg 300w, https:\/\/www.visitsoglianoalrubicone.it\/wp-content\/uploads\/2021\/07\/Visit-Sogliano-Scopri-Sogliano-Arte-Cultura-Artigianato-Storia-Personaggi-Illustri-Storia-Banner-Resized-768x576.jpg 768w\" sizes=\"(max-width: 1024px) 100vw, 1024px\" \/><\/a>\n<h6 class=\"pt-cv-title\"><a href=\"https:\/\/www.visitsoglianoalrubicone.it\/fr\/decouvrez-sogliano\/art-culture-et-artisanat\/histoire-et-personnalites-illustres\/lhistoire\/\" class=\"_self\" target=\"_self\" >L&rsquo;histoire<\/a><\/h6><\/div><\/div>\n<div class=\"col-md-6 col-sm-6 col-xs-12 pt-cv-content-item pt-cv-1-col\" ><div class='pt-cv-ifield'><a href=\"https:\/\/www.visitsoglianoalrubicone.it\/fr\/decouvrez-sogliano\/art-culture-et-artisanat\/histoire-et-personnalites-illustres\/personnalites-illustres\/\" class=\"_self pt-cv-href-thumbnail pt-cv-thumb-default\" target=\"_self\" ><img width=\"1024\" height=\"768\" src=\"https:\/\/www.visitsoglianoalrubicone.it\/wp-content\/uploads\/2021\/07\/Visit-Sogliano-Scopri-Sogliano-Arte-Cultura-Artigianato-Storia-Personaggi-Illustri-Personaggi-Banner-Resized.jpg\" class=\"pt-cv-thumbnail\" alt=\"\" loading=\"lazy\" srcset=\"https:\/\/www.visitsoglianoalrubicone.it\/wp-content\/uploads\/2021\/07\/Visit-Sogliano-Scopri-Sogliano-Arte-Cultura-Artigianato-Storia-Personaggi-Illustri-Personaggi-Banner-Resized.jpg 1024w, https:\/\/www.visitsoglianoalrubicone.it\/wp-content\/uploads\/2021\/07\/Visit-Sogliano-Scopri-Sogliano-Arte-Cultura-Artigianato-Storia-Personaggi-Illustri-Personaggi-Banner-Resized-300x225.jpg 300w, https:\/\/www.visitsoglianoalrubicone.it\/wp-content\/uploads\/2021\/07\/Visit-Sogliano-Scopri-Sogliano-Arte-Cultura-Artigianato-Storia-Personaggi-Illustri-Personaggi-Banner-Resized-768x576.jpg 768w\" sizes=\"(max-width: 1024px) 100vw, 1024px\" \/><\/a>\n<h6 class=\"pt-cv-title\"><a href=\"https:\/\/www.visitsoglianoalrubicone.it\/fr\/decouvrez-sogliano\/art-culture-et-artisanat\/histoire-et-personnalites-illustres\/personnalites-illustres\/\" class=\"_self\" target=\"_self\" >Personnalit\u00e9s illustres<\/a><\/h6><\/div><\/div><\/div><\/div><\/div>[\/vc_column_text][vc_empty_space height=\u00a0\u00bb50px\u00a0\u00bb][\/vc_column_inner][\/vc_row_inner][\/vc_column][\/vc_row]<\/p>\n","protected":false},"excerpt":{"rendered":"<p>[vc_row full_width=\u00a0\u00bbstretch_row_content_no_spaces\u00a0\u00bb][vc_column][vc_single_image image=\u00a0\u00bb20158&Prime; img_size=\u00a0\u00bb1920 x 450&Prime; alignment=\u00a0\u00bbcenter\u00a0\u00bb el_class=\u00a0\u00bbinfotronik_banner_pagina\u00a0\u00bb][vc_empty_space height=\u00a0\u00bb20px\u00a0\u00bb][vc_row_inner][vc_column_inner][vc_column_text]Sogliano al Rubicone est document\u00e9 depuis 1141 et lie son histoire et celle&#8230;<\/p>\n","protected":false},"author":1,"featured_media":20157,"parent":20285,"menu_order":0,"comment_status":"closed","ping_status":"closed","template":"","meta":{"loftloader_page_shortcode":""},"_links":{"self":[{"href":"https:\/\/www.visitsoglianoalrubicone.it\/fr\/wp-json\/wp\/v2\/pages\/20156"}],"collection":[{"href":"https:\/\/www.visitsoglianoalrubicone.it\/fr\/wp-json\/wp\/v2\/pages"}],"about":[{"href":"https:\/\/www.visitsoglianoalrubicone.it\/fr\/wp-json\/wp\/v2\/types\/page"}],"author":[{"embeddable":true,"href":"https:\/\/www.visitsoglianoalrubicone.it\/fr\/wp-json\/wp\/v2\/users\/1"}],"replies":[{"embeddable":true,"href":"https:\/\/www.visitsoglianoalrubicone.it\/fr\/wp-json\/wp\/v2\/comments?post=20156"}],"version-history":[{"count":2,"href":"https:\/\/www.visitsoglianoalrubicone.it\/fr\/wp-json\/wp\/v2\/pages\/20156\/revisions"}],"predecessor-version":[{"id":20168,"href":"https:\/\/www.visitsoglianoalrubicone.it\/fr\/wp-json\/wp\/v2\/pages\/20156\/revisions\/20168"}],"up":[{"embeddable":true,"href":"https:\/\/www.visitsoglianoalrubicone.it\/fr\/wp-json\/wp\/v2\/pages\/20285"}],"wp:featuredmedia":[{"embeddable":true,"href":"https:\/\/www.visitsoglianoalrubicone.it\/fr\/wp-json\/wp\/v2\/media\/20157"}],"wp:attachment":[{"href":"https:\/\/www.visitsoglianoalrubicone.it\/fr\/wp-json\/wp\/v2\/media?parent=20156"}],"curies":[{"name":"wp","href":"https:\/\/api.w.org\/{rel}","templated":true}]}}

Histoire et personnalités illustres

<p>[vc_row full_width= »stretch_row_content_no_spaces »][vc_column][vc_single_image image= »20158&Prime; img_size= »1920 x 450&Prime; alignment= »center » el_class= »infotronik_banner_pagina »]
			<section class="do-normal-page-title-section">
				<div class="container">
					<div class="row uppercase">
			
						<div class="do-page-title-wrapper">
							<div class="do-default-page-title col-md-7 col-sm-7 col-xs-12">
								<h2 info=28 class="infotronik_page_title_big">Storia e Personaggi Illustri</h2>
								<p></p>
							</div>
			
							<div class="do-breadcumb"><ul><li><a class="infotronik_breadcrumb_cut" href="https://www.visitsoglianoalrubicone.it/fr/decouvrez-sogliano/">DÉCOUVREZ SOGLIANO</a></li><li><a class="infotronik_breadcrumb_cut" href="https://www.visitsoglianoalrubicone.it/fr/decouvrez-sogliano/art-culture-et-artisanat/">Art, culture et artisanat</a></li></ul></div>
						</div>
			
					</div>
				</div>
			</section>
		[vc_empty_space height= »20px »][vc_row_inner][vc_column_inner][vc_column_text]<span style="font-weight: 400;">Sogliano al Rubicone est documenté depuis 1141 et lie son histoire et celle de ses hameaux à la famille Malatesta, au moins depuis le milieu du XIIIe siècle. À partir de 1640, le Saint-Siège a pris le contrôle direct de la ville. </span></p>
<p>Pendant la Seconde Guerre mondiale, elle a été le théâtre de combats acharnés entre les forces alliées et les Allemands en retraite. L&rsquo;histoire a laissé des traces sur l&rsquo;ensemble du territoire et de nombreux personnages importants en ont été les protagonistes, depuis les temps les plus anciens jusqu&rsquo;aux époques les plus récentes.[/vc_column_text][vc_empty_space height= »50px »][vc_column_text]<div class="pt-cv-wrapper"><div class="pt-cv-view pt-cv-grid pt-cv-colsys" id="pt-cv-view-2472883tuo"><div data-id="pt-cv-page-1" class="pt-cv-page" data-cvc="2"><div class="col-md-6 col-sm-6 col-xs-12 pt-cv-content-item pt-cv-1-col" ><div class='pt-cv-ifield'><a href="https://www.visitsoglianoalrubicone.it/fr/decouvrez-sogliano/art-culture-et-artisanat/histoire-et-personnalites-illustres/lhistoire/" class="_self pt-cv-href-thumbnail pt-cv-thumb-default" target="_self" ><img width="1024" height="768" src="https://www.visitsoglianoalrubicone.it/wp-content/uploads/2021/07/Visit-Sogliano-Scopri-Sogliano-Arte-Cultura-Artigianato-Storia-Personaggi-Illustri-Storia-Banner-Resized.jpg" class="pt-cv-thumbnail" alt="" loading="lazy" srcset="https://www.visitsoglianoalrubicone.it/wp-content/uploads/2021/07/Visit-Sogliano-Scopri-Sogliano-Arte-Cultura-Artigianato-Storia-Personaggi-Illustri-Storia-Banner-Resized.jpg 1024w, https://www.visitsoglianoalrubicone.it/wp-content/uploads/2021/07/Visit-Sogliano-Scopri-Sogliano-Arte-Cultura-Artigianato-Storia-Personaggi-Illustri-Storia-Banner-Resized-300x225.jpg 300w, https://www.visitsoglianoalrubicone.it/wp-content/uploads/2021/07/Visit-Sogliano-Scopri-Sogliano-Arte-Cultura-Artigianato-Storia-Personaggi-Illustri-Storia-Banner-Resized-768x576.jpg 768w" sizes="(max-width: 1024px) 100vw, 1024px" /></a>
<h6 class="pt-cv-title"><a href="https://www.visitsoglianoalrubicone.it/fr/decouvrez-sogliano/art-culture-et-artisanat/histoire-et-personnalites-illustres/lhistoire/" class="_self" target="_self" >L&rsquo;histoire</a></h6></div></div>
<div class="col-md-6 col-sm-6 col-xs-12 pt-cv-content-item pt-cv-1-col" ><div class='pt-cv-ifield'><a href="https://www.visitsoglianoalrubicone.it/fr/decouvrez-sogliano/art-culture-et-artisanat/histoire-et-personnalites-illustres/personnalites-illustres/" class="_self pt-cv-href-thumbnail pt-cv-thumb-default" target="_self" ><img width="1024" height="768" src="https://www.visitsoglianoalrubicone.it/wp-content/uploads/2021/07/Visit-Sogliano-Scopri-Sogliano-Arte-Cultura-Artigianato-Storia-Personaggi-Illustri-Personaggi-Banner-Resized.jpg" class="pt-cv-thumbnail" alt="" loading="lazy" srcset="https://www.visitsoglianoalrubicone.it/wp-content/uploads/2021/07/Visit-Sogliano-Scopri-Sogliano-Arte-Cultura-Artigianato-Storia-Personaggi-Illustri-Personaggi-Banner-Resized.jpg 1024w, https://www.visitsoglianoalrubicone.it/wp-content/uploads/2021/07/Visit-Sogliano-Scopri-Sogliano-Arte-Cultura-Artigianato-Storia-Personaggi-Illustri-Personaggi-Banner-Resized-300x225.jpg 300w, https://www.visitsoglianoalrubicone.it/wp-content/uploads/2021/07/Visit-Sogliano-Scopri-Sogliano-Arte-Cultura-Artigianato-Storia-Personaggi-Illustri-Personaggi-Banner-Resized-768x576.jpg 768w" sizes="(max-width: 1024px) 100vw, 1024px" /></a>
<h6 class="pt-cv-title"><a href="https://www.visitsoglianoalrubicone.it/fr/decouvrez-sogliano/art-culture-et-artisanat/histoire-et-personnalites-illustres/personnalites-illustres/" class="_self" target="_self" >Personnalités illustres</a></h6></div></div></div></div></div>[/vc_column_text][vc_empty_space height= »50px »][/vc_column_inner][/vc_row_inner][/vc_column][/vc_row]</p>

<p>[vc_row full_width= »stretch_row_content_no_spaces »][vc_column][vc_single_image image= »20158&Prime; img_size= »1920 x 450&Prime; alignment= »center » el_class= »infotronik_banner_pagina »][vc_empty_space height= »20px »][vc_row_inner][vc_column_inner][vc_column_text]Sogliano al Rubicone est documenté depuis 1141 et lie son histoire et celle&#8230;</p>
